[Mon Nov 18 15:47:03.777934 2024] [:error] [pid 4464:tid 16572] [client 10.50.4.4:46656] script 'E:/Netmake/main.php' not found or unable to stat
[Mon Nov 18 15:47:06.057680 2024] [:error] [pid 4464:tid 16560] [client 10.50.4.4:59470] script 'E:/Netmake/localstart.php' not found or unable to stat
[Mon Nov 18 15:47:09.142105 2024] [:error] [pid 4464:tid 16560] [client 10.50.4.4:59592] script 'E:/Netmake/base.php' not found or unable to stat
[Mon Nov 18 15:47:11.653410 2024] [:error] [pid 4464:tid 16572] [client 10.50.4.4:59706] script 'E:/Netmake/default.php' not found or unable to stat
[Mon Nov 18 15:47:12.223401 2024] [:error] [pid 4464:tid 16572] [client 10.50.4.4:59734] script 'E:/Netmake/indice.php' not found or unable to stat
[Mon Nov 18 15:47:12.413404 2024] [:error] [pid 4464:tid 16572] [client 10.50.4.4:59740] script 'E:/Netmake/home.php' not found or unable to stat
[Mon Nov 18 15:47:13.753544 2024] [core:error] [pid 4464:tid 16572] [client 10.50.4.4:55908] AH00126: Invalid URI in request GET default.asp HTTP/1.1
[Mon Nov 18 15:47:14.774101 2024] [:error] [pid 4464:tid 16572] [client 10.50.4.4:56078] script 'E:/Netmake/menu.php' not found or unable to stat
[Mon Nov 18 15:47:14.993199 2024] [:error] [pid 4464:tid 16548] [client 10.50.4.4:56108] script 'E:/Netmake/inicio.php' not found or unable to stat
[Tue Nov 19 00:38:18.564385 2024] [cgi:error] [pid 4464:tid 16560] [client 10.50.4.4:52090] AH02811: script not found or unable to stat: C:/http/Apache2.4.29/cgi-bin
[Tue Nov 19 01:58:43.717343 2024] [cgi:error] [pid 4464:tid 16560] [client 10.50.4.4:58918] AH02811: script not found or unable to stat: C:/http/Apache2.4.29/cgi-bin
[Tue Nov 19 09:45:45.040740 2024] [:error] [pid 4464:tid 16548] [client 10.50.4.4:50002] script 'E:/Netmake/upl.php' not found or unable to stat
[Tue Nov 19 09:45:45.793981 2024] [:error] [pid 4464:tid 16548] [client 10.50.4.4:50032] script 'E:/Netmake/1.php' not found or unable to stat
[Tue Nov 19 09:45:55.980519 2024] [:error] [pid 4464:tid 16552] [client 10.50.4.4:33892] script 'E:/Netmake/password.php' not found or unable to stat
[Tue Nov 19 18:37:54.948337 2024] [cgi:error] [pid 4464:tid 16576] [client 10.50.4.4:59152] AH02811: script not found or unable to stat: C:/http/Apache2.4.29/cgi-bin
[Tue Nov 19 20:03:25.377386 2024] [cgi:error] [pid 4464:tid 16552] [client 10.50.4.4:37532] AH02811: script not found or unable to stat: C:/http/Apache2.4.29/cgi-bin
[Wed Nov 20 02:25:52.792617 2024] [cgi:error] [pid 4464:tid 16548] [client 10.50.4.4:48738] AH02811: script not found or unable to stat: C:/http/Apache2.4.29/cgi-bin
[Wed Nov 20 05:01:57.930447 2024] [cgi:error] [pid 4464:tid 16516] [client 10.50.4.4:45168] AH02811: script not found or unable to stat: C:/http/Apache2.4.29/cgi-bin
[Wed Nov 20 10:20:47.812345 2024] [cgi:error] [pid 4464:tid 16560] [client 10.50.4.4:56686] AH02811: script not found or unable to stat: C:/http/Apache2.4.29/cgi-bin
[Wed Nov 20 10:57:40.522288 2024] [cgi:error] [pid 4464:tid 16560] [client 10.50.4.4:38636] AH02811: script not found or unable to stat: C:/http/Apache2.4.29/cgi-bin
[Wed Nov 20 13:08:39.210642 2024] [cgi:error] [pid 4464:tid 16560] [client 10.50.4.4:46970] AH02811: script not found or unable to stat: C:/http/Apache2.4.29/cgi-bin
[Wed Nov 20 13:58:40.884622 2024] [:error] [pid 4464:tid 16532] [client 10.50.4.4:46936] script 'E:/Netmake/upl.php' not found or unable to stat
[Wed Nov 20 13:58:41.419985 2024] [:error] [pid 4464:tid 16532] [client 10.50.4.4:46968] script 'E:/Netmake/1.php' not found or unable to stat
[Wed Nov 20 13:58:51.546265 2024] [:error] [pid 4464:tid 16560] [client 10.50.4.4:51060] script 'E:/Netmake/password.php' not found or unable to stat
[Wed Nov 20 14:17:33.356461 2024] [cgi:error] [pid 4464:tid 16540] [client 10.50.4.4:46866] AH02811: script not found or unable to stat: C:/http/Apache2.4.29/cgi-bin
[Wed Nov 20 18:34:14.885489 2024] [core:error] [pid 4464:tid 16532] [client 10.50.4.4:50358] AH00126: Invalid URI in request GET stager64 HTTP/1.1
[Thu Nov 21 01:09:43.777809 2024] [cgi:error] [pid 4464:tid 16552] [client 10.50.4.4:34608] AH02811: script not found or unable to stat: C:/http/Apache2.4.29/cgi-bin
[Thu Nov 21 07:01:23.841084 2024] [cgi:error] [pid 4464:tid 16564] [client 10.50.4.4:40728] AH02811: script not found or unable to stat: C:/http/Apache2.4.29/cgi-bin
[Thu Nov 21 07:21:42.650016 2024] [cgi:error] [pid 4464:tid 16560] [client 10.50.4.4:35082] AH02811: script not found or unable to stat: C:/http/Apache2.4.29/cgi-bin
[Thu Nov 21 09:41:50.224652 2024] [cgi:error] [pid 4464:tid 16528] [client 10.50.4.4:48300] AH02811: script not found or unable to stat: C:/http/Apache2.4.29/cgi-bin
[Thu Nov 21 13:05:29.238829 2024] [:error] [pid 4464:tid 16512] [client 10.50.4.4:52432] script 'E:/Netmake/xmlrpc.php' not found or unable to stat
[Fri Nov 22 02:26:25.417893 2024] [cgi:error] [pid 4464:tid 16528] [client 10.50.4.4:40326] AH02811: script not found or unable to stat: C:/http/Apache2.4.29/cgi-bin
[Fri Nov 22 03:48:47.220189 2024] [cgi:error] [pid 4464:tid 16592] [client 10.50.4.4:54566] AH02811: script not found or unable to stat: C:/http/Apache2.4.29/cgi-bin
[Fri Nov 22 05:13:05.266290 2024] [:error] [pid 4464:tid 16528] [client 10.50.4.4:60392] script 'E:/Netmake/infophp.php' not found or unable to stat
[Fri Nov 22 05:13:05.621297 2024] [:error] [pid 4464:tid 16528] [client 10.50.4.4:37632] script 'E:/Netmake/infos.php' not found or unable to stat
[Fri Nov 22 05:13:08.942153 2024] [:error] [pid 4464:tid 16528] [client 10.50.4.4:60856] script 'E:/Netmake/phpinfo.php' not found or unable to stat
[Fri Nov 22 05:13:09.886265 2024] [:error] [pid 4464:tid 16528] [client 10.50.4.4:49596] script 'E:/Netmake/pinfo.php' not found or unable to stat
[Fri Nov 22 18:36:35.987910 2024] [:error] [pid 4464:tid 16524] [client 10.50.4.4:56798] script 'E:/Netmake/upl.php' not found or unable to stat
[Fri Nov 22 18:36:36.097917 2024] [:error] [pid 4464:tid 16524] [client 10.50.4.4:56832] script 'E:/Netmake/1.php' not found or unable to stat
[Fri Nov 22 18:36:46.128085 2024] [:error] [pid 4464:tid 16528] [client 10.50.4.4:44342] script 'E:/Netmake/password.php' not found or unable to stat
[Fri Nov 22 22:15:13.016960 2024] [cgi:error] [pid 4464:tid 16516] [client 10.50.4.4:36486] AH02811: script not found or unable to stat: C:/http/Apache2.4.29/cgi-bin
[Fri Nov 22 23:17:56.179180 2024] [cgi:error] [pid 4464:tid 16516] [client 10.50.4.4:57032] AH02811: script not found or unable to stat: C:/http/Apache2.4.29/cgi-bin
[Sat Nov 23 02:17:37.046631 2024] [cgi:error] [pid 4464:tid 16740] [client 10.50.4.4:43034] AH02811: script not found or unable to stat: C:/http/Apache2.4.29/cgi-bin
[Sat Nov 23 03:40:52.959696 2024] [cgi:error] [pid 4464:tid 16740] [client 10.50.4.4:42378] AH02811: script not found or unable to stat: C:/http/Apache2.4.29/cgi-bin
[Sat Nov 23 20:02:54.952122 2024] [cgi:error] [pid 4464:tid 16784] [client 10.50.4.4:36826] AH02811: script not found or unable to stat: C:/http/Apache2.4.29/cgi-bin
[Sat Nov 23 21:42:24.460741 2024] [cgi:error] [pid 4464:tid 16784] [client 10.50.4.4:49614] AH02811: script not found or unable to stat: C:/http/Apache2.4.29/cgi-bin
[Sat Nov 23 21:45:32.807264 2024] [:error] [pid 4464:tid 16736] [client 10.50.4.4:36616] script 'E:/Netmake/upl.php' not found or unable to stat
[Sat Nov 23 21:45:33.220353 2024] [:error] [pid 4464:tid 16736] [client 10.50.4.4:36646] script 'E:/Netmake/1.php' not found or unable to stat
[Sat Nov 23 21:45:44.355691 2024] [:error] [pid 4464:tid 16784] [client 10.50.4.4:60228] script 'E:/Netmake/password.php' not found or unable to stat
[Sun Nov 24 15:15:19.786717 2024] [cgi:error] [pid 4464:tid 16736] [client 10.50.4.4:34902] AH02811: script not found or unable to stat: C:/http/Apache2.4.29/cgi-bin
[Sun Nov 24 15:23:08.338218 2024] [cgi:error] [pid 4464:tid 16728] [client 10.50.4.4:50424] AH02811: script not found or unable to stat: C:/http/Apache2.4.29/cgi-bin
[Sun Nov 24 15:51:52.354581 2024] [cgi:error] [pid 4464:tid 16728] [client 10.50.4.4:47822] AH02811: script not found or unable to stat: C:/http/Apache2.4.29/cgi-bin
[Mon Nov 25 09:00:18.405121 2024] [cgi:error] [pid 4464:tid 16724] [client 10.50.4.4:57900] AH02811: script not found or unable to stat: C:/http/Apache2.4.29/cgi-bin
[Mon Nov 25 09:31:01.582225 2024] [cgi:error] [pid 4464:tid 16724] [client 10.50.4.4:43944] AH02811: script not found or unable to stat: C:/http/Apache2.4.29/cgi-bin
[Mon Nov 25 10:59:37.146107 2024] [cgi:error] [pid 4464:tid 16732] [client 10.50.4.4:39654] AH02811: script not found or unable to stat: C:/http/Apache2.4.29/cgi-bin
[Mon Nov 25 11:20:16.394913 2024] [cgi:error] [pid 4464:tid 16724] [client 10.50.4.4:58206] AH02811: script not found or unable to stat: C:/http/Apache2.4.29/cgi-bin
[Mon Nov 25 12:44:43.630984 2024] [cgi:error] [pid 4464:tid 16724] [client 10.50.4.4:32874] AH02811: script not found or unable to stat: C:/http/Apache2.4.29/cgi-bin
[Mon Nov 25 13:53:21.932604 2024] [cgi:error] [pid 4464:tid 16724] [client 10.50.4.4:53230] AH02811: script not found or unable to stat: C:/http/Apache2.4.29/cgi-bin
[Mon Nov 25 15:35:51.233587 2024] [cgi:error] [pid 4464:tid 16784] [client 10.50.4.4:45140] AH02811: script not found or unable to stat: C:/http/Apache2.4.29/cgi-bin
[Mon Nov 25 16:09:50.680695 2024] [cgi:error] [pid 4464:tid 16736] [client 10.50.4.4:34160] AH02811: script not found or unable to stat: C:/http/Apache2.4.29/cgi-bin
[Mon Nov 25 17:51:58.413591 2024] [cgi:error] [pid 4464:tid 16736] [client 10.50.4.4:52008] AH02811: script not found or unable to stat: C:/http/Apache2.4.29/cgi-bin
[Mon Nov 25 18:35:32.529692 2024] [cgi:error] [pid 4464:tid 16724] [client 10.50.4.4:35856] AH02811: script not found or unable to stat: C:/http/Apache2.4.29/cgi-bin
[Mon Nov 25 20:01:58.123886 2024] [cgi:error] [pid 4464:tid 16724] [client 10.50.4.4:35392] AH02811: script not found or unable to stat: C:/http/Apache2.4.29/cgi-bin
[Mon Nov 25 20:45:49.963292 2024] [cgi:error] [pid 4464:tid 16736] [client 10.50.4.4:47844] AH02811: script not found or unable to stat: C:/http/Apache2.4.29/cgi-bin
[Mon Nov 25 22:51:05.443878 2024] [cgi:error] [pid 4464:tid 16724] [client 10.50.4.4:55294] AH02811: script not found or unable to stat: C:/http/Apache2.4.29/cgi-bin
[Tue Nov 26 01:19:34.894411 2024] [cgi:error] [pid 4464:tid 16724] [client 10.50.4.4:45576] AH02811: script not found or unable to stat: C:/http/Apache2.4.29/cgi-bin
[Tue Nov 26 02:06:41.580411 2024] [cgi:error] [pid 4464:tid 16724] [client 10.50.4.4:57634] AH02811: script not found or unable to stat: C:/http/Apache2.4.29/cgi-bin
[Tue Nov 26 02:55:36.528780 2024] [cgi:error] [pid 4464:tid 16724] [client 10.50.4.4:46328] AH02811: script not found or unable to stat: C:/http/Apache2.4.29/cgi-bin
[Tue Nov 26 04:55:49.250024 2024] [cgi:error] [pid 4464:tid 16724] [client 10.50.4.4:42564] AH02811: script not found or unable to stat: C:/http/Apache2.4.29/cgi-bin
[Tue Nov 26 05:16:33.915425 2024] [cgi:error] [pid 4464:tid 16724] [client 10.50.4.4:53258] AH02811: script not found or unable to stat: C:/http/Apache2.4.29/cgi-bin
[Tue Nov 26 07:02:43.502340 2024] [cgi:error] [pid 4464:tid 16724] [client 10.50.4.4:52108] AH02811: script not found or unable to stat: C:/http/Apache2.4.29/cgi-bin
[Tue Nov 26 08:04:41.976136 2024] [cgi:error] [pid 4464:tid 16784] [client 10.50.4.4:37636] AH02811: script not found or unable to stat: C:/http/Apache2.4.29/cgi-bin
[Tue Nov 26 09:43:44.431742 2024] [cgi:error] [pid 4464:tid 16724] [client 10.50.4.4:60058] AH02811: script not found or unable to stat: C:/http/Apache2.4.29/cgi-bin
[Tue Nov 26 11:39:13.913153 2024] [:error] [pid 4464:tid 16736] [client 10.50.4.4:47988] script 'E:/Netmake/infophp.php' not found or unable to stat
[Tue Nov 26 11:39:14.258162 2024] [:error] [pid 4464:tid 16736] [client 10.50.4.4:50594] script 'E:/Netmake/infos.php' not found or unable to stat
[Tue Nov 26 11:39:17.638624 2024] [:error] [pid 4464:tid 16736] [client 10.50.4.4:54100] script 'E:/Netmake/phpinfo.php' not found or unable to stat
[Tue Nov 26 11:39:18.680111 2024] [:error] [pid 4464:tid 16736] [client 10.50.4.4:36134] script 'E:/Netmake/pinfo.php' not found or unable to stat
[Tue Nov 26 20:02:38.734791 2024] [:error] [pid 4464:tid 16716] [client 10.50.4.4:46348] script 'E:/Netmake/old_phpinfo.php' not found or unable to stat
[Tue Nov 26 21:13:20.426582 2024] [cgi:error] [pid 4464:tid 16720] [client 10.50.4.4:36174] AH02811: script not found or unable to stat: C:/http/Apache2.4.29/cgi-bin
[Tue Nov 26 22:39:01.626127 2024] [cgi:error] [pid 4464:tid 16704] [client 10.50.4.4:25818] AH02811: script not found or unable to stat: C:/http/Apache2.4.29/cgi-bin
[Tue Nov 26 22:51:16.490033 2024] [cgi:error] [pid 4464:tid 16728] [client 10.50.4.4:37586] AH02811: script not found or unable to stat: C:/http/Apache2.4.29/cgi-bin
[Wed Nov 27 04:29:36.644969 2024] [cgi:error] [pid 4464:tid 16736] [client 10.50.4.4:42084] AH02811: script not found or unable to stat: C:/http/Apache2.4.29/cgi-bin
[Wed Nov 27 05:07:35.891992 2024] [cgi:error] [pid 4464:tid 16736] [client 10.50.4.4:33134] AH02811: script not found or unable to stat: C:/http/Apache2.4.29/cgi-bin
[Wed Nov 27 09:51:24.994838 2024] [cgi:error] [pid 4464:tid 16736] [client 10.50.4.4:44158] AH02811: script not found or unable to stat: C:/http/Apache2.4.29/cgi-bin
[Wed Nov 27 12:13:01.617836 2024] [cgi:error] [pid 4464:tid 16704] [client 10.50.4.4:43638] AH02811: script not found or unable to stat: C:/http/Apache2.4.29/cgi-bin
[Wed Nov 27 13:54:01.576729 2024] [cgi:error] [pid 4464:tid 16704] [client 10.50.4.4:60476] AH02811: script not found or unable to stat: C:/http/Apache2.4.29/cgi-bin
[Wed Nov 27 14:41:04.796635 2024] [cgi:error] [pid 4464:tid 16704] [client 10.50.4.4:47074] AH02811: script not found or unable to stat: C:/http/Apache2.4.29/cgi-bin
[Wed Nov 27 15:36:23.775726 2024] [cgi:error] [pid 4464:tid 16704] [client 10.50.4.4:39362] AH02811: script not found or unable to stat: C:/http/Apache2.4.29/cgi-bin
[Wed Nov 27 17:08:33.035169 2024] [cgi:error] [pid 4464:tid 16704] [client 10.50.4.4:51166] AH02811: script not found or unable to stat: C:/http/Apache2.4.29/cgi-bin
[Wed Nov 27 17:25:56.479098 2024] [cgi:error] [pid 4464:tid 16712] [client 10.50.4.4:34918] AH02811: script not found or unable to stat: C:/http/Apache2.4.29/cgi-bin
[Wed Nov 27 19:17:30.090074 2024] [cgi:error] [pid 4464:tid 16704] [client 10.50.4.4:51252] AH02811: script not found or unable to stat: C:/http/Apache2.4.29/cgi-bin
[Wed Nov 27 21:18:36.774596 2024] [cgi:error] [pid 4464:tid 16728] [client 10.50.4.4:41770] AH02811: script not found or unable to stat: C:/http/Apache2.4.29/cgi-bin
[Wed Nov 27 23:03:29.449242 2024] [cgi:error] [pid 4464:tid 16712] [client 10.50.4.4:54284] AH02811: script not found or unable to stat: C:/http/Apache2.4.29/cgi-bin
[Thu Nov 28 00:10:27.958789 2024] [cgi:error] [pid 4464:tid 16728] [client 10.50.4.4:54462] AH02811: script not found or unable to stat: C:/http/Apache2.4.29/cgi-bin
[Thu Nov 28 00:35:30.907731 2024] [cgi:error] [pid 4464:tid 16728] [client 10.50.4.4:57986] AH02811: script not found or unable to stat: C:/http/Apache2.4.29/cgi-bin
[Thu Nov 28 02:23:37.339639 2024] [cgi:error] [pid 4464:tid 16728] [client 10.50.4.4:53570] AH02811: script not found or unable to stat: C:/http/Apache2.4.29/cgi-bin
[Thu Nov 28 03:33:09.438547 2024] [cgi:error] [pid 4464:tid 16712] [client 10.50.4.4:55522] AH02811: script not found or unable to stat: C:/http/Apache2.4.29/cgi-bin
[Thu Nov 28 04:10:45.817776 2024] [cgi:error] [pid 4464:tid 16728] [client 10.50.4.4:34288] AH02811: script not found or unable to stat: C:/http/Apache2.4.29/cgi-bin
[Thu Nov 28 05:18:10.611421 2024] [cgi:error] [pid 4464:tid 16712] [client 10.50.4.4:58570] AH02811: script not found or unable to stat: C:/http/Apache2.4.29/cgi-bin
[Thu Nov 28 06:27:40.837204 2024] [cgi:error] [pid 4464:tid 16728] [client 10.50.4.4:39516] AH02811: script not found or unable to stat: C:/http/Apache2.4.29/cgi-bin
[Thu Nov 28 07:10:37.079627 2024] [cgi:error] [pid 4464:tid 16728] [client 10.50.4.4:40104] AH02811: script not found or unable to stat: C:/http/Apache2.4.29/cgi-bin
[Thu Nov 28 08:35:46.138653 2024] [cgi:error] [pid 4464:tid 16736] [client 10.50.4.4:53864] AH02811: script not found or unable to stat: C:/http/Apache2.4.29/cgi-bin
[Thu Nov 28 09:56:06.374107 2024] [cgi:error] [pid 4464:tid 16736] [client 10.50.4.4:34084] AH02811: script not found or unable to stat: C:/http/Apache2.4.29/cgi-bin
[Thu Nov 28 10:23:19.249567 2024] [cgi:error] [pid 4464:tid 16728] [client 10.50.4.4:34572] AH02811: script not found or unable to stat: C:/http/Apache2.4.29/cgi-bin
[Thu Nov 28 10:54:57.460454 2024] [cgi:error] [pid 4464:tid 16704] [client 10.50.4.4:39620] AH02811: script not found or unable to stat: C:/http/Apache2.4.29/cgi-bin
[Thu Nov 28 10:59:59.040706 2024] [cgi:error] [pid 4464:tid 16736] [client 10.50.4.4:38972] AH02811: script not found or unable to stat: C:/http/Apache2.4.29/cgi-bin
[Thu Nov 28 11:31:49.968197 2024] [cgi:error] [pid 4464:tid 16704] [client 10.50.4.4:56902] AH02811: script not found or unable to stat: C:/http/Apache2.4.29/cgi-bin
[Thu Nov 28 12:53:29.677688 2024] [:error] [pid 4464:tid 16704] [client 10.50.4.4:57179] script 'E:/Netmake/status.php' not found or unable to stat
[Thu Nov 28 13:18:20.899336 2024] [cgi:error] [pid 4464:tid 16704] [client 10.50.4.4:37590] AH02811: script not found or unable to stat: C:/http/Apache2.4.29/cgi-bin
[Thu Nov 28 14:48:42.151656 2024] [cgi:error] [pid 4464:tid 16704] [client 10.50.4.4:51966] AH02811: script not found or unable to stat: C:/http/Apache2.4.29/cgi-bin
[Thu Nov 28 23:07:49.256980 2024] [:error] [pid 4464:tid 16704] [client 10.50.4.4:52064] script 'E:/Netmake/upl.php' not found or unable to stat
[Thu Nov 28 23:07:49.924841 2024] [:error] [pid 4464:tid 16704] [client 10.50.4.4:52092] script 'E:/Netmake/1.php' not found or unable to stat
[Thu Nov 28 23:08:00.091345 2024] [:error] [pid 4464:tid 16736] [client 10.50.4.4:54928] script 'E:/Netmake/password.php' not found or unable to stat
[Fri Nov 29 03:58:12.986601 2024] [cgi:error] [pid 4464:tid 16728] [client 10.50.4.4:44368] AH02811: script not found or unable to stat: C:/http/Apache2.4.29/cgi-bin
[Fri Nov 29 05:32:55.569732 2024] [:error] [pid 4464:tid 16728] [client 10.50.4.4:59812] script 'E:/Netmake/upl.php' not found or unable to stat
[Fri Nov 29 05:32:57.411771 2024] [:error] [pid 4464:tid 16728] [client 10.50.4.4:59844] script 'E:/Netmake/1.php' not found or unable to stat
[Fri Nov 29 05:33:07.870098 2024] [:error] [pid 4464:tid 16704] [client 10.50.4.4:37474] script 'E:/Netmake/password.php' not found or unable to stat
[Fri Nov 29 05:37:42.308446 2024] [cgi:error] [pid 4464:tid 16728] [client 10.50.4.4:36036] AH02811: script not found or unable to stat: C:/http/Apache2.4.29/cgi-bin
[Fri Nov 29 23:08:57.277281 2024] [cgi:error] [pid 4464:tid 16688] [client 10.50.4.4:48506] AH02811: script not found or unable to stat: C:/http/Apache2.4.29/cgi-bin
[Sat Nov 30 00:46:16.184758 2024] [cgi:error] [pid 4464:tid 16688] [client 10.50.4.4:52310] AH02811: script not found or unable to stat: C:/http/Apache2.4.29/cgi-bin
[Sat Nov 30 17:26:43.679545 2024] [cgi:error] [pid 4464:tid 16672] [client 10.50.4.4:56736] AH02811: script not found or unable to stat: C:/http/Apache2.4.29/cgi-bin
[Sat Nov 30 19:12:39.746759 2024] [cgi:error] [pid 4464:tid 16672] [client 10.50.4.4:42936] AH02811: script not found or unable to stat: C:/http/Apache2.4.29/cgi-bin
[Sun Dec 01 11:17:15.771581 2024] [cgi:error] [pid 4464:tid 16684] [client 10.50.4.4:43010] AH02811: script not found or unable to stat: C:/http/Apache2.4.29/cgi-bin
[Sun Dec 01 13:01:50.627031 2024] [cgi:error] [pid 4464:tid 16716] [client 10.50.4.4:51554] AH02811: script not found or unable to stat: C:/http/Apache2.4.29/cgi-bin
[Mon Dec 02 05:17:40.581802 2024] [cgi:error] [pid 4464:tid 16716] [client 10.50.4.4:42814] AH02811: script not found or unable to stat: C:/http/Apache2.4.29/cgi-bin
[Mon Dec 02 07:25:56.631495 2024] [cgi:error] [pid 4464:tid 16704] [client 10.50.4.4:39178] AH02811: script not found or unable to stat: C:/http/Apache2.4.29/cgi-bin
[Mon Dec 02 15:21:06.246919 2024] [access_compat:error] [pid 4464:tid 16700] [client 10.50.4.4:51644] AH01797: client denied by server configuration: E:/Netmake/server-status
[Mon Dec 02 15:21:06.908993 2024] [:error] [pid 4464:tid 16716] [client 10.50.4.4:51790] script 'E:/Netmake/menu.php' not found or unable to stat
[Mon Dec 02 15:21:08.539001 2024] [cgi:error] [pid 4464:tid 16716] [client 10.50.4.4:51928] AH02811: script not found or unable to stat: C:/http/Apache2.4.29/cgi-bin
[Mon Dec 02 15:21:08.638704 2024] [:error] [pid 4464:tid 16688] [client 10.50.4.4:51934] script 'E:/Netmake/default.php' not found or unable to stat
[Mon Dec 02 15:21:10.750413 2024] [:error] [pid 4464:tid 16716] [client 10.50.4.4:52174] script 'E:/Netmake/admin.php' not found or unable to stat
[Mon Dec 02 15:21:13.447298 2024] [:error] [pid 4464:tid 16720] [client 10.50.4.4:52304] script 'E:/Netmake/base.php' not found or unable to stat
[Mon Dec 02 15:21:16.349841 2024] [:error] [pid 4464:tid 16692] [client 10.50.4.4:52460] script 'E:/Netmake/indice.php' not found or unable to stat
[Mon Dec 02 15:21:17.574097 2024] [:error] [pid 4464:tid 16680] [client 10.50.4.4:52588] script 'E:/Netmake/inicio.php' not found or unable to stat
[Mon Dec 02 15:21:18.293923 2024] [:error] [pid 4464:tid 16680] [client 10.50.4.4:52680] script 'E:/Netmake/localstart.php' not found or unable to stat
[Mon Dec 02 15:21:19.177558 2024] [:error] [pid 4464:tid 16712] [client 10.50.4.4:52802] script 'E:/Netmake/start.php' not found or unable to stat
[Mon Dec 02 15:21:19.434285 2024] [:error] [pid 4464:tid 16680] [client 10.50.4.4:52832] script 'E:/Netmake/home.php' not found or unable to stat
[Mon Dec 02 15:21:19.933810 2024] [:error] [pid 4464:tid 16712] [client 10.50.4.4:52914] script 'E:/Netmake/main.php' not found or unable to stat
[Mon Dec 02 15:21:20.140934 2024] [core:error] [pid 4464:tid 16712] [client 10.50.4.4:52962] AH00126: Invalid URI in request GET default.asp HTTP/1.1
[Mon Dec 02 23:47:23.499223 2024] [cgi:error] [pid 4464:tid 16716] [client 10.50.4.4:44920] AH02811: script not found or unable to stat: C:/http/Apache2.4.29/cgi-bin
[Tue Dec 03 01:17:00.666819 2024] [cgi:error] [pid 4464:tid 16716] [client 10.50.4.4:45852] AH02811: script not found or unable to stat: C:/http/Apache2.4.29/cgi-bin
[Tue Dec 03 12:06:00.655710 2024] [:error] [pid 4464:tid 16664] [client 10.50.4.4:63833] script 'E:/Netmake/phpinfo.php' not found or unable to stat
[Tue Dec 03 12:06:00.768367 2024] [:error] [pid 4464:tid 16664] [client 10.50.4.4:63833] script 'E:/Netmake/test.php' not found or unable to stat
[Tue Dec 03 12:06:01.805471 2024] [:error] [pid 4464:tid 16664] [client 10.50.4.4:63833] script 'E:/Netmake/app_dev.php' not found or unable to stat
[Tue Dec 03 12:06:04.416796 2024] [:error] [pid 4464:tid 16664] [client 10.50.4.4:63833] script 'E:/Netmake/info.php' not found or unable to stat
[Tue Dec 03 12:06:08.120655 2024] [:error] [pid 4464:tid 16664] [client 10.50.4.4:63833] script 'E:/Netmake/php_info.php' not found or unable to stat
[Tue Dec 03 12:06:08.550996 2024] [:error] [pid 4464:tid 16664] [client 10.50.4.4:63833] script 'E:/Netmake/test2.php' not found or unable to stat
[Tue Dec 03 12:06:08.851004 2024] [:error] [pid 4464:tid 16664] [client 10.50.4.4:63833] script 'E:/Netmake/test1.php' not found or unable to stat
[Tue Dec 03 12:06:09.061007 2024] [:error] [pid 4464:tid 16664] [client 10.50.4.4:63833] script 'E:/Netmake/wp-config.php' not found or unable to stat
[Tue Dec 03 12:06:09.328111 2024] [:error] [pid 4464:tid 16664] [client 10.50.4.4:63833] script 'E:/Netmake/frontend_dev.php' not found or unable to stat
[Tue Dec 03 12:06:10.003934 2024] [:error] [pid 4464:tid 16664] [client 10.50.4.4:63833] script 'E:/Netmake/phpversion.php' not found or unable to stat
[Tue Dec 03 12:06:11.311787 2024] [:error] [pid 4464:tid 16664] [client 10.50.4.4:63833] script 'E:/Netmake/config.php' not found or unable to stat
[Tue Dec 03 12:06:11.966197 2024] [:error] [pid 4464:tid 16664] [client 10.50.4.4:63833] script 'E:/Netmake/php-info.php' not found or unable to stat
[Tue Dec 03 12:06:12.610288 2024] [:error] [pid 4464:tid 16664] [client 10.50.4.4:63833] script 'E:/Netmake/php.php' not found or unable to stat
[Tue Dec 03 18:39:52.471583 2024] [cgi:error] [pid 4464:tid 16712] [client 10.50.4.4:51884] AH02811: script not found or unable to stat: C:/http/Apache2.4.29/cgi-bin
[Tue Dec 03 19:13:14.293074 2024] [cgi:error] [pid 4464:tid 16668] [client 10.50.4.4:48410] AH02811: script not found or unable to stat: C:/http/Apache2.4.29/cgi-bin
[Tue Dec 03 21:57:33.005769 2024] [:error] [pid 4464:tid 16712] [client 10.50.4.4:38980] script 'E:/Netmake/info.php' not found or unable to stat
[Tue Dec 03 21:57:33.435777 2024] [access_compat:error] [pid 4464:tid 16712] [client 10.50.4.4:39004] AH01797: client denied by server configuration: E:/Netmake/server-status
[Wed Dec 04 13:26:49.245353 2024] [cgi:error] [pid 4464:tid 16712] [client 10.50.4.4:55060] AH02811: script not found or unable to stat: C:/http/Apache2.4.29/cgi-bin
[Wed Dec 04 13:43:42.296295 2024] [cgi:error] [pid 4464:tid 16712] [client 10.50.4.4:57032] AH02811: script not found or unable to stat: C:/http/Apache2.4.29/cgi-bin
[Thu Dec 05 05:38:26.235543 2024] [:error] [pid 4464:tid 16716] [client 10.50.4.4:42364] script 'E:/Netmake/upl.php' not found or unable to stat
[Thu Dec 05 05:38:27.937344 2024] [:error] [pid 4464:tid 16716] [client 10.50.4.4:42414] script 'E:/Netmake/1.php' not found or unable to stat
[Thu Dec 05 05:38:38.360096 2024] [:error] [pid 4464:tid 16712] [client 10.50.4.4:32898] script 'E:/Netmake/password.php' not found or unable to stat
[Thu Dec 05 06:43:50.562336 2024] [cgi:error] [pid 4464:tid 16664] [client 10.50.4.4:42938] AH02811: script not found or unable to stat: C:/http/Apache2.4.29/cgi-bin
[Thu Dec 05 08:43:18.364935 2024] [cgi:error] [pid 4464:tid 16680] [client 10.50.4.4:34256] AH02811: script not found or unable to stat: C:/http/Apache2.4.29/cgi-bin
[Fri Dec 06 01:23:20.847400 2024] [cgi:error] [pid 4464:tid 16688] [client 10.50.4.4:56198] AH02811: script not found or unable to stat: C:/http/Apache2.4.29/cgi-bin
[Fri Dec 06 01:39:38.332069 2024] [access_compat:error] [pid 4464:tid 16700] [client 10.50.4.4:53149] AH01797: client denied by server configuration: E:/Netmake/server-status
[Fri Dec 06 01:39:46.507334 2024] [:error] [pid 4464:tid 16688] [client 10.50.4.4:53982] script 'E:/Netmake/phpinfo.php' not found or unable to stat
[Fri Dec 06 02:21:07.914979 2024] [cgi:error] [pid 4464:tid 16700] [client 10.50.4.4:41786] AH02811: script not found or unable to stat: C:/http/Apache2.4.29/cgi-bin
[Fri Dec 06 14:34:03.302991 2024] [:error] [pid 4464:tid 16668] [client 10.50.4.4:58364] script 'E:/Netmake/infophp.php' not found or unable to stat
[Fri Dec 06 14:34:03.995523 2024] [:error] [pid 4464:tid 16668] [client 10.50.4.4:39430] script 'E:/Netmake/infos.php' not found or unable to stat
[Fri Dec 06 14:34:09.197445 2024] [:error] [pid 4464:tid 16668] [client 10.50.4.4:54424] script 'E:/Netmake/phpinfo.php' not found or unable to stat
[Fri Dec 06 14:34:10.077758 2024] [:error] [pid 4464:tid 16668] [client 10.50.4.4:39092] script 'E:/Netmake/pinfo.php' not found or unable to stat
[Fri Dec 06 19:25:34.353642 2024] [cgi:error] [pid 4464:tid 16668] [client 10.50.4.4:34910] AH02811: script not found or unable to stat: C:/http/Apache2.4.29/cgi-bin
[Fri Dec 06 21:13:50.070931 2024] [cgi:error] [pid 4464:tid 16680] [client 10.50.4.4:44908] AH02811: script not found or unable to stat: C:/http/Apache2.4.29/cgi-bin
[Fri Dec 06 23:58:05.696254 2024] [:error] [pid 4464:tid 16688] [client 10.50.4.4:52344] script 'E:/Netmake/upl.php' not found or unable to stat
[Fri Dec 06 23:58:07.229774 2024] [:error] [pid 4464:tid 16688] [client 10.50.4.4:52364] script 'E:/Netmake/1.php' not found or unable to stat
[Fri Dec 06 23:58:17.613577 2024] [:error] [pid 4464:tid 16680] [client 10.50.4.4:51940] script 'E:/Netmake/password.php' not found or unable to stat
[Sat Dec 07 16:46:34.965008 2024] [:error] [pid 4464:tid 16692] [client 10.50.4.4:39546] script 'E:/Netmake/db_config.php' not found or unable to stat
[Sat Dec 07 16:46:35.356106 2024] [:error] [pid 4464:tid 16692] [client 10.50.4.4:39562] script 'E:/Netmake/config.php' not found or unable to stat
[Sat Dec 07 16:46:37.684156 2024] [:error] [pid 4464:tid 16692] [client 10.50.4.4:39608] script 'E:/Netmake/env.php' not found or unable to stat
[Sat Dec 07 16:46:41.938218 2024] [:error] [pid 4464:tid 16692] [client 10.50.4.4:39728] script 'E:/Netmake/phpinfo.php' not found or unable to stat
[Sat Dec 07 16:46:42.324233 2024] [:error] [pid 4464:tid 16692] [client 10.50.4.4:39730] script 'E:/Netmake/debug.php' not found or unable to stat
[Wed Dec 11 10:42:36.234122 2024] [:error] [pid 4464:tid 16688] [client 10.50.4.4:43514] script 'E:/Netmake/upl.php' not found or unable to stat
[Wed Dec 11 10:42:36.993433 2024] [:error] [pid 4464:tid 16688] [client 10.50.4.4:43544] script 'E:/Netmake/1.php' not found or unable to stat
[Wed Dec 11 10:42:47.193704 2024] [:error] [pid 4464:tid 16720] [client 10.50.4.4:42880] script 'E:/Netmake/password.php' not found or unable to stat
[Wed Dec 11 11:41:11.105897 2024] [:error] [pid 4464:tid 16720] [client 10.50.4.4:48552] script 'E:/Netmake/upl.php' not found or unable to stat
[Wed Dec 11 11:41:12.658052 2024] [:error] [pid 4464:tid 16720] [client 10.50.4.4:48598] script 'E:/Netmake/1.php' not found or unable to stat
[Wed Dec 11 11:41:23.036158 2024] [:error] [pid 4464:tid 16732] [client 10.50.4.4:57212] script 'E:/Netmake/password.php' not found or unable to stat
[Wed Dec 11 19:42:22.673315 2024] [access_compat:error] [pid 4464:tid 16724] [client 10.50.4.4:39716] AH01797: client denied by server configuration: E:/Netmake/server-status
[Wed Dec 11 19:42:25.354219 2024] [cgi:error] [pid 4464:tid 16672] [client 10.50.4.4:43848] AH02811: script not found or unable to stat: C:/http/Apache2.4.29/cgi-bin
[Wed Dec 11 19:42:31.656590 2024] [:error] [pid 4464:tid 16692] [client 10.50.4.4:53396] script 'E:/Netmake/base.php' not found or unable to stat
[Wed Dec 11 19:42:31.855755 2024] [:error] [pid 4464:tid 16784] [client 10.50.4.4:53842] script 'E:/Netmake/default.php' not found or unable to stat
[Wed Dec 11 21:06:59.430790 2024] [:error] [pid 4464:tid 16784] [client 10.50.4.4:65290] script 'E:/Netmake/.env.php' not found or unable to stat
[Wed Dec 11 21:07:02.025668 2024] [:error] [pid 4464:tid 16784] [client 10.50.4.4:49512] script 'E:/Netmake/.env.sample.php' not found or unable to stat
[Wed Dec 11 21:07:14.211269 2024] [cgi:error] [pid 4464:tid 16784] [client 10.50.4.4:52537] AH02811: script not found or unable to stat: C:/http/Apache2.4.29/cgi-bin
[Wed Dec 11 21:07:19.884461 2024] [core:error] [pid 4464:tid 16784] (20024)The given path is misformatted or contained invalid characters: [client 10.50.4.4:53911] AH00127: Cannot map GET /40.75.96.242:80/.env HTTP/1.1 to file
[Fri Dec 13 19:26:19.673360 2024] [cgi:error] [pid 4464:tid 16692] [client 10.50.4.4:27628] AH02811: script not found or unable to stat: C:/http/Apache2.4.29/cgi-bin
[Sat Dec 14 06:08:39.080408 2024] [:error] [pid 4464:tid 16724] [client 10.50.4.4:32822] script 'E:/Netmake/upl.php' not found or unable to stat
[Sat Dec 14 06:08:39.255414 2024] [:error] [pid 4464:tid 16724] [client 10.50.4.4:32848] script 'E:/Netmake/1.php' not found or unable to stat
[Sat Dec 14 06:08:49.300352 2024] [:error] [pid 4464:tid 16640] [client 10.50.4.4:46122] script 'E:/Netmake/password.php' not found or unable to stat
[Sat Dec 14 15:16:08.067224 2024] [:error] [pid 4464:tid 16640] [client 10.50.4.4:61483] script 'E:/Netmake/.env.php' not found or unable to stat
[Sat Dec 14 15:16:10.770149 2024] [:error] [pid 4464:tid 16640] [client 10.50.4.4:61976] script 'E:/Netmake/.env.sample.php' not found or unable to stat
[Sat Dec 14 15:16:23.357158 2024] [cgi:error] [pid 4464:tid 16724] [client 10.50.4.4:64290] AH02811: script not found or unable to stat: C:/http/Apache2.4.29/cgi-bin
[Sat Dec 14 19:56:48.233882 2024] [cgi:error] [pid 4464:tid 16640] [client 10.50.4.4:39260] AH02811: script not found or unable to stat: C:/http/Apache2.4.29/cgi-bin
[Mon Dec 16 04:40:27.560063 2024] [:error] [pid 4464:tid 16684] [client 10.50.4.4:45658] script 'E:/Netmake/app_dev.php' not found or unable to stat
[Mon Dec 16 04:40:27.865066 2024] [:error] [pid 4464:tid 16684] [client 10.50.4.4:47842] script 'E:/Netmake/app_dev.php' not found or unable to stat
[Mon Dec 16 21:01:28.626946 2024] [cgi:error] [pid 4464:tid 16664] [client 10.50.4.4:33322] AH02811: script not found or unable to stat: C:/http/Apache2.4.29/cgi-bin
[Mon Dec 16 21:39:24.927644 2024] [cgi:error] [pid 4464:tid 16668] [client 10.50.4.4:36438] AH02811: script not found or unable to stat: C:/http/Apache2.4.29/cgi-bin
[Mon Dec 16 21:39:33.183609 2024] [cgi:error] [pid 4464:tid 16668] [client 10.50.4.4:36472] AH02811: script not found or unable to stat: C:/http/Apache2.4.29/cgi-bin
[Mon Dec 16 22:56:57.080722 2024] [cgi:error] [pid 4464:tid 16668] [client 10.50.4.4:56132] AH02811: script not found or unable to stat: C:/http/Apache2.4.29/cgi-bin
[Mon Dec 16 23:29:54.069903 2024] [cgi:error] [pid 4464:tid 16668] [client 10.50.4.4:8186] AH02811: script not found or unable to stat: C:/http/Apache2.4.29/cgi-bin
[Tue Dec 17 00:18:25.223621 2024] [cgi:error] [pid 4464:tid 16684] [client 10.50.4.4:46270] AH02811: script not found or unable to stat: C:/http/Apache2.4.29/cgi-bin
[Tue Dec 17 17:00:41.509206 2024] [access_compat:error] [pid 4464:tid 16720] [client 10.50.4.4:49742] AH01797: client denied by server configuration: E:/Netmake/server-status
[Tue Dec 17 17:00:46.585088 2024] [:error] [pid 4464:tid 16704] [client 10.50.4.4:40620] script 'E:/Netmake/info.php' not found or unable to stat
[Wed Dec 18 05:27:09.252756 2024] [cgi:error] [pid 4464:tid 16672] [client 10.50.4.4:38002] AH02811: script not found or unable to stat: C:/http/Apache2.4.29/cgi-bin
[Wed Dec 18 15:48:08.949244 2024] [:error] [pid 4464:tid 16724] [client 10.50.4.4:57564] script 'E:/Netmake/infophp.php' not found or unable to stat
[Wed Dec 18 15:48:10.891182 2024] [:error] [pid 4464:tid 16724] [client 10.50.4.4:40644] script 'E:/Netmake/infos.php' not found or unable to stat
[Wed Dec 18 15:48:17.330803 2024] [:error] [pid 4464:tid 16724] [client 10.50.4.4:37068] script 'E:/Netmake/phpinfo.php' not found or unable to stat
[Wed Dec 18 15:48:18.221410 2024] [:error] [pid 4464:tid 16724] [client 10.50.4.4:43772] script 'E:/Netmake/pinfo.php' not found or unable to stat
[Wed Dec 18 22:23:48.687299 2024] [cgi:error] [pid 4464:tid 16672] [client 10.50.4.4:59286] AH02811: script not found or unable to stat: C:/http/Apache2.4.29/cgi-bin
[Thu Dec 19 02:56:29.834726 2024] [cgi:error] [pid 4464:tid 16668] [client 10.50.4.4:35236] AH02811: script not found or unable to stat: C:/http/Apache2.4.29/cgi-bin
[Thu Dec 19 03:49:49.883763 2024] [cgi:error] [pid 4464:tid 16672] [client 10.50.4.4:38594] AH02811: script not found or unable to stat: C:/http/Apache2.4.29/cgi-bin
[Thu Dec 19 06:14:12.867224 2024] [cgi:error] [pid 4464:tid 16720] [client 10.50.4.4:40142] AH02811: script not found or unable to stat: C:/http/Apache2.4.29/cgi-bin
[Thu Dec 19 07:40:24.955326 2024] [:error] [pid 4464:tid 16720] [client 10.50.4.4:16030] script 'E:/Netmake/phpinfo.php' not found or unable to stat
[Thu Dec 19 07:40:24.955326 2024] [:error] [pid 4464:tid 16720] [client 10.50.4.4:16030] script 'E:/Netmake/test.php' not found or unable to stat
[Thu Dec 19 07:40:24.959137 2024] [:error] [pid 4464:tid 16720] [client 10.50.4.4:16030] script 'E:/Netmake/info.php' not found or unable to stat
[Thu Dec 19 07:40:24.959137 2024] [:error] [pid 4464:tid 16720] [client 10.50.4.4:16030] script 'E:/Netmake/db.php' not found or unable to stat
[Thu Dec 19 07:40:24.964139 2024] [:error] [pid 4464:tid 16720] [client 10.50.4.4:16030] script 'E:/Netmake/app_dev.php' not found or unable to stat
[Thu Dec 19 07:40:25.037947 2024] [:error] [pid 4464:tid 16720] [client 10.50.4.4:16030] script 'E:/Netmake/wp-config.php' not found or unable to stat
[Thu Dec 19 07:40:25.042947 2024] [:error] [pid 4464:tid 16720] [client 10.50.4.4:16030] script 'E:/Netmake/php_info.php' not found or unable to stat
[Thu Dec 19 07:40:25.042947 2024] [:error] [pid 4464:tid 16720] [client 10.50.4.4:16030] script 'E:/Netmake/test2.php' not found or unable to stat
[Thu Dec 19 07:40:25.047948 2024] [:error] [pid 4464:tid 16720] [client 10.50.4.4:16030] script 'E:/Netmake/test1.php' not found or unable to stat
[Thu Dec 19 07:40:25.047948 2024] [:error] [pid 4464:tid 16720] [client 10.50.4.4:16030] script 'E:/Netmake/wp-config-sample.php' not found or unable to stat
[Thu Dec 19 07:40:25.047948 2024] [:error] [pid 4464:tid 16720] [client 10.50.4.4:16030] script 'E:/Netmake/wp-config.php.bak' not found or unable to stat
[Thu Dec 19 07:40:25.047948 2024] [:error] [pid 4464:tid 16720] [client 10.50.4.4:16030] script 'E:/Netmake/wp-config.php.save' not found or unable to stat
[Thu Dec 19 08:05:06.383543 2024] [cgi:error] [pid 4464:tid 16784] [client 10.50.4.4:42710] AH02811: script not found or unable to stat: C:/http/Apache2.4.29/cgi-bin
[Thu Dec 19 22:10:47.054227 2024] [cgi:error] [pid 4464:tid 16672] [client 10.50.4.4:55314] AH02811: script not found or unable to stat: C:/http/Apache2.4.29/cgi-bin
[Fri Dec 20 12:14:11.855042 2024] [cgi:error] [pid 4464:tid 16544] [client 10.50.4.4:57868] AH02811: script not found or unable to stat: C:/http/Apache2.4.29/cgi-bin
[Fri Dec 20 14:11:21.537051 2024] [cgi:error] [pid 4464:tid 16544] [client 10.50.4.4:57638] AH02811: script not found or unable to stat: C:/http/Apache2.4.29/cgi-bin
[Fri Dec 20 16:58:26.304995 2024] [cgi:error] [pid 4464:tid 16712] [client 10.50.4.4:35947] AH02811: script not found or unable to stat: C:/http/Apache2.4.29/cgi-bin
[Fri Dec 20 16:59:04.268728 2024] [cgi:error] [pid 4464:tid 16780] [client 10.50.4.4:51629] AH02811: script not found or unable to stat: C:/http/Apache2.4.29/cgi-bin
[Fri Dec 20 17:00:27.925250 2024] [:error] [pid 4464:tid 16684] [client 10.50.4.4:51851] script 'E:/Netmake/status.php' not found or unable to stat
[Fri Dec 20 21:30:59.006379 2024] [cgi:error] [pid 4464:tid 16712] [client 10.50.4.4:34906] AH02811: script not found or unable to stat: C:/http/Apache2.4.29/cgi-bin
[Sat Dec 21 06:43:37.914826 2024] [:error] [pid 4464:tid 16780] [client 10.50.4.4:37892] script 'E:/Netmake/upl.php' not found or unable to stat
[Sat Dec 21 06:43:38.562988 2024] [:error] [pid 4464:tid 16780] [client 10.50.4.4:37926] script 'E:/Netmake/1.php' not found or unable to stat
[Sat Dec 21 06:43:48.740561 2024] [:error] [pid 4464:tid 16640] [client 10.50.4.4:51390] script 'E:/Netmake/password.php' not found or unable to stat
[Sat Dec 21 14:44:17.583882 2024] [cgi:error] [pid 4464:tid 16544] [client 10.50.4.4:37200] AH02811: script not found or unable to stat: C:/http/Apache2.4.29/cgi-bin
[Mon Dec 23 08:06:41.896583 2024] [cgi:error] [pid 4464:tid 16684] [client 10.50.4.4:34816] AH02811: script not found or unable to stat: C:/http/Apache2.4.29/cgi-bin
[Mon Dec 23 13:13:57.685157 2024] [cgi:error] [pid 4464:tid 16632] [client 10.50.4.4:33086] AH02811: script not found or unable to stat: C:/http/Apache2.4.29/cgi-bin
[Mon Dec 23 21:09:22.231403 2024] [cgi:error] [pid 4464:tid 16732] [client 10.50.4.4:56540] AH02811: script not found or unable to stat: C:/http/Apache2.4.29/cgi-bin
[Mon Dec 23 23:31:28.362127 2024] [cgi:error] [pid 4464:tid 16632] [client 10.50.4.4:52746] AH02811: script not found or unable to stat: C:/http/Apache2.4.29/cgi-bin
[Tue Dec 24 02:01:27.082068 2024] [cgi:error] [pid 4464:tid 16684] [client 10.50.4.4:42000] AH02811: script not found or unable to stat: C:/http/Apache2.4.29/cgi-bin
[Tue Dec 24 02:04:29.325470 2024] [cgi:error] [pid 4464:tid 16684] [client 10.50.4.4:38088] AH02811: script not found or unable to stat: C:/http/Apache2.4.29/cgi-bin
[Tue Dec 24 06:02:58.659761 2024] [cgi:error] [pid 4464:tid 16632] [client 10.50.4.4:42944] AH02811: script not found or unable to stat: C:/http/Apache2.4.29/cgi-bin
[Tue Dec 24 06:47:46.830308 2024] [cgi:error] [pid 4464:tid 16632] [client 10.50.4.4:46330] AH02811: script not found or unable to stat: C:/http/Apache2.4.29/cgi-bin
[Tue Dec 24 17:33:06.458888 2024] [:error] [pid 4464:tid 16632] [client 10.50.4.4:57764] script 'E:/Netmake/upl.php' not found or unable to stat
[Tue Dec 24 17:33:07.123218 2024] [:error] [pid 4464:tid 16632] [client 10.50.4.4:57804] script 'E:/Netmake/1.php' not found or unable to stat
[Tue Dec 24 17:33:17.286859 2024] [:error] [pid 4464:tid 16544] [client 10.50.4.4:40320] script 'E:/Netmake/password.php' not found or unable to stat
[Tue Dec 24 19:38:28.889284 2024] [cgi:error] [pid 4464:tid 16780] [client 10.50.4.4:56816] AH02811: script not found or unable to stat: C:/http/Apache2.4.29/cgi-bin
[Tue Dec 24 20:06:10.912794 2024] [cgi:error] [pid 4464:tid 16780] [client 10.50.4.4:60224] AH02811: script not found or unable to stat: C:/http/Apache2.4.29/cgi-bin, referer: http://40.75.96.242:80/advance/traceroute.html?time=1679125513355
[Tue Dec 24 20:40:07.342107 2024] [cgi:error] [pid 4464:tid 16780] [client 10.50.4.4:51450] AH02811: script not found or unable to stat: C:/http/Apache2.4.29/cgi-bin
[Tue Dec 24 21:40:38.718310 2024] [cgi:error] [pid 4464:tid 16780] [client 10.50.4.4:56528] AH02811: script not found or unable to stat: C:/http/Apache2.4.29/cgi-bin
[Wed Dec 25 02:33:36.439305 2024] [:error] [pid 4464:tid 16684] [client 10.50.4.4:47432] script 'E:/Netmake/upl.php' not found or unable to stat
[Wed Dec 25 02:33:36.600492 2024] [:error] [pid 4464:tid 16684] [client 10.50.4.4:47468] script 'E:/Netmake/1.php' not found or unable to stat
[Wed Dec 25 02:33:46.643372 2024] [:error] [pid 4464:tid 16544] [client 10.50.4.4:44566] script 'E:/Netmake/password.php' not found or unable to stat
[Wed Dec 25 15:55:28.768099 2024] [:error] [pid 4464:tid 16684] [client 10.50.4.4:60493] script 'E:/Netmake/wp-login.php' not found or unable to stat
[Wed Dec 25 16:51:38.753559 2024] [:error] [pid 4464:tid 16780] [client 10.50.4.4:11598] script 'E:/Netmake/wp-config.php.bak' not found or unable to stat
[Wed Dec 25 20:07:13.977750 2024] [cgi:error] [pid 4464:tid 16780] [client 10.50.4.4:54388] AH02811: script not found or unable to stat: C:/http/Apache2.4.29/cgi-bin
[Wed Dec 25 21:46:18.069890 2024] [cgi:error] [pid 4464:tid 16736] [client 10.50.4.4:58906] AH02811: script not found or unable to stat: C:/http/Apache2.4.29/cgi-bin
[Thu Dec 26 00:06:13.243089 2024] [cgi:error] [pid 4464:tid 16632] [client 10.50.4.4:42668] AH02811: script not found or unable to stat: C:/http/Apache2.4.29/cgi-bin
[Thu Dec 26 02:12:54.177878 2024] [cgi:error] [pid 4464:tid 16684] [client 10.50.4.4:55894] AH02811: script not found or unable to stat: C:/http/Apache2.4.29/cgi-bin
[Thu Dec 26 05:12:19.281133 2024] [cgi:error] [pid 4464:tid 16736] [client 10.50.4.4:54024] AH02811: script not found or unable to stat: C:/http/Apache2.4.29/cgi-bin
[Thu Dec 26 10:38:21.661579 2024] [:error] [pid 4464:tid 16544] [client 10.50.4.4:57786] script 'E:/Netmake/xmlrpc.php' not found or unable to stat
[Thu Dec 26 11:14:55.432392 2024] [:error] [pid 4464:tid 16736] [client 10.50.4.4:33566] script 'E:/Netmake/configuration.php' not found or unable to stat
[Thu Dec 26 11:15:06.361716 2024] [access_compat:error] [pid 4464:tid 16632] [client 10.50.4.4:53956] AH01797: client denied by server configuration: E:/Netmake/server-status
[Thu Dec 26 11:15:10.056981 2024] [authz_core:error] [pid 4464:tid 16632] [client 10.50.4.4:54030] AH01630: client denied by server configuration: E:/Netmake/.htaccess.bak
[Thu Dec 26 11:15:10.518371 2024] [authz_core:error] [pid 4464:tid 16736] [client 10.50.4.4:54044] AH01630: client denied by server configuration: E:/Netmake/.htaccess.old
[Thu Dec 26 11:15:10.979483 2024] [authz_core:error] [pid 4464:tid 16632] [client 10.50.4.4:54060] AH01630: client denied by server configuration: E:/Netmake/.htaccess.save
[Thu Dec 26 11:16:44.439754 2024] [:error] [pid 4464:tid 16736] [client 10.50.4.4:54922] script 'E:/Netmake/wp-config.php.bak' not found or unable to stat
[Thu Dec 26 11:16:45.368532 2024] [:error] [pid 4464:tid 16736] [client 10.50.4.4:54934] script 'E:/Netmake/config.php.bak' not found or unable to stat
[Thu Dec 26 11:16:45.827801 2024] [:error] [pid 4464:tid 16632] [client 10.50.4.4:54948] script 'E:/Netmake/configuration.php.bak' not found or unable to stat
[Thu Dec 26 11:16:50.530192 2024] [:error] [pid 4464:tid 16544] [client 10.50.4.4:55024] script 'E:/Netmake/phpinfo.php' not found or unable to stat
[Thu Dec 26 11:16:50.990207 2024] [:error] [pid 4464:tid 16632] [client 10.50.4.4:55032] script 'E:/Netmake/info.php' not found or unable to stat
[Thu Dec 26 11:16:51.450213 2024] [:error] [pid 4464:tid 16544] [client 10.50.4.4:55038] script 'E:/Netmake/infophp.php' not found or unable to stat
[Thu Dec 26 11:16:51.907216 2024] [:error] [pid 4464:tid 16632] [client 10.50.4.4:55048] script 'E:/Netmake/php_info.php' not found or unable to stat
[Thu Dec 26 11:16:54.588548 2024] [:error] [pid 4464:tid 16544] [client 10.50.4.4:43740] script 'E:/Netmake/test.php' not found or unable to stat
[Thu Dec 26 11:17:04.074224 2024] [:error] [pid 4464:tid 16544] [client 10.50.4.4:33174] script 'E:/Netmake/wp-config.php' not found or unable to stat
[Thu Dec 26 14:10:56.341365 2024] [cgi:error] [pid 4464:tid 16780] [client 10.50.4.4:60082] AH02811: script not found or unable to stat: C:/http/Apache2.4.29/cgi-bin
[Thu Dec 26 16:28:32.970792 2024] [cgi:error] [pid 4464:tid 16684] [client 10.50.4.4:47540] AH02811: script not found or unable to stat: C:/http/Apache2.4.29/cgi-bin
[Thu Dec 26 18:47:10.716665 2024] [cgi:error] [pid 4464:tid 16544] [client 10.50.4.4:47266] AH02811: script not found or unable to stat: C:/http/Apache2.4.29/cgi-bin
[Thu Dec 26 20:19:01.582916 2024] [cgi:error] [pid 4464:tid 16780] [client 10.50.4.4:15010] AH02811: script not found or unable to stat: C:/http/Apache2.4.29/cgi-bin
[Fri Dec 27 07:09:37.004554 2024] [cgi:error] [pid 4464:tid 16676] [client 10.50.4.4:51696] AH02811: script not found or unable to stat: C:/http/Apache2.4.29/cgi-bin
[Fri Dec 27 09:10:33.351008 2024] [:error] [pid 4464:tid 16780] [client 10.50.4.4:8790] script 'E:/Netmake/wp-config.php.bak' not found or unable to stat
[Fri Dec 27 23:55:07.267926 2024] [cgi:error] [pid 4464:tid 16632] [client 10.50.4.4:50024] AH02811: script not found or unable to stat: C:/http/Apache2.4.29/cgi-bin
[Sat Dec 28 04:07:26.898603 2024] [cgi:error] [pid 4464:tid 16676] [client 10.50.4.4:51186] AH02811: script not found or unable to stat: C:/http/Apache2.4.29/cgi-bin
[Sat Dec 28 15:55:25.256664 2024] [core:error] [pid 4464:tid 16676] [client 10.50.4.4:58048] AH00126: Invalid URI in request GET stager64 HTTP/1.1
[Sun Dec 29 17:17:40.545530 2024] [access_compat:error] [pid 4464:tid 16724] [client 10.50.4.4:39066] AH01797: client denied by server configuration: E:/Netmake/server-status
[Sun Dec 29 17:17:45.456346 2024] [:error] [pid 4464:tid 16716] [client 10.50.4.4:39428] script 'E:/Netmake/admin.php' not found or unable to stat
[Sun Dec 29 17:17:45.704685 2024] [cgi:error] [pid 4464:tid 16716] [client 10.50.4.4:39442] AH02811: script not found or unable to stat: C:/http/Apache2.4.29/cgi-bin
[Sun Dec 29 17:17:48.091171 2024] [:error] [pid 4464:tid 16724] [client 10.50.4.4:34240] script 'E:/Netmake/menu.php' not found or unable to stat
[Mon Dec 30 02:11:19.187031 2024] [:error] [pid 4464:tid 16780] [client 10.50.4.4:38426] script 'E:/Netmake/wp-config.php.bak' not found or unable to stat
[Mon Dec 30 02:11:19.192048 2024] [:error] [pid 4464:tid 16780] [client 10.50.4.4:38426] script 'E:/Netmake/phpinfo.php' not found or unable to stat
[Mon Dec 30 02:11:19.192048 2024] [:error] [pid 4464:tid 16780] [client 10.50.4.4:38426] script 'E:/Netmake/info.php' not found or unable to stat
[Mon Dec 30 02:11:19.192048 2024] [:error] [pid 4464:tid 16780] [client 10.50.4.4:38426] script 'E:/Netmake/php-info.php' not found or unable to stat
[Mon Dec 30 02:11:19.192048 2024] [:error] [pid 4464:tid 16780] [client 10.50.4.4:38426] script 'E:/Netmake/phpinfoposmeta.php' not found or unable to stat
[Mon Dec 30 02:11:19.192048 2024] [:error] [pid 4464:tid 16780] [client 10.50.4.4:38426] script 'E:/Netmake/server_info.php' not found or unable to stat
[Mon Dec 30 02:11:19.192048 2024] [:error] [pid 4464:tid 16780] [client 10.50.4.4:38426] script 'E:/Netmake/app_dev.php' not found or unable to stat
[Mon Dec 30 02:11:19.192048 2024] [:error] [pid 4464:tid 16780] [client 10.50.4.4:38426] script 'E:/Netmake/test.php' not found or unable to stat
[Mon Dec 30 02:11:19.207114 2024] [authz_host:error] [pid 4464:tid 16780] [client 10.50.4.4:38426] AH01753: access check of '.example.com' to /server-info failed, reason: unable to get the remote host name
[Mon Dec 30 02:11:19.212244 2024] [authz_core:error] [pid 4464:tid 16780] [client 10.50.4.4:38426] AH01630: client denied by server configuration: E:/Netmake/server-info
[Mon Dec 30 02:11:19.212244 2024] [:error] [pid 4464:tid 16780] [client 10.50.4.4:38426] script 'E:/Netmake/server-info.php' not found or unable to stat
[Mon Dec 30 13:11:35.967641 2024] [:error] [pid 4464:tid 16696] [client 10.50.4.4:52768] script 'E:/Netmake/app_dev.php' not found or unable to stat
[Mon Dec 30 13:11:47.623159 2024] [:error] [pid 4464:tid 16696] [client 10.50.4.4:38064] script 'E:/Netmake/app_dev.php' not found or unable to stat
[Tue Dec 31 10:49:51.333633 2024] [cgi:error] [pid 4464:tid 16696] [client 10.50.4.4:45764] AH02811: script not found or unable to stat: C:/http/Apache2.4.29/cgi-bin, referer: http://40.75.96.242:80/cgi-bin/index2.asp
