[Tue Apr 16 16:46:40.767293 2024] [:error] [pid 19104:tid 16980] [client 178.128.226.32:35744] script 'E:/Netmake/upl.php' not found or unable to stat
[Tue Apr 16 16:46:40.937296 2024] [:error] [pid 19104:tid 16980] [client 178.128.226.32:35770] script 'E:/Netmake/1.php' not found or unable to stat
[Tue Apr 16 16:46:41.343063 2024] [:error] [pid 19104:tid 16980] [client 178.128.226.32:35814] script 'E:/Netmake/password.php' not found or unable to stat
[Tue Apr 16 16:46:41.388063 2024] [:error] [pid 19104:tid 16980] [client 178.128.226.32:35818] script 'E:/Netmake/info.php' not found or unable to stat
[Wed Apr 17 06:39:42.469842 2024] [:error] [pid 19104:tid 16976] [client 138.68.24.222:33450] script 'E:/Netmake/upl.php' not found or unable to stat
[Wed Apr 17 06:39:42.966688 2024] [:error] [pid 19104:tid 16976] [client 138.68.24.222:33490] script 'E:/Netmake/1.php' not found or unable to stat
[Wed Apr 17 06:39:43.733715 2024] [:error] [pid 19104:tid 16968] [client 138.68.24.222:33524] script 'E:/Netmake/password.php' not found or unable to stat
[Wed Apr 17 06:39:43.858020 2024] [:error] [pid 19104:tid 16968] [client 138.68.24.222:33540] script 'E:/Netmake/info.php' not found or unable to stat
[Wed Apr 17 08:53:52.431690 2024] [cgi:error] [pid 19104:tid 16968] [client 80.94.92.60:57078] AH02811: script not found or unable to stat: C:/http/Apache2.4.29/cgi-bin
[Wed Apr 17 18:24:24.517091 2024] [:error] [pid 19104:tid 16972] [client 139.59.178.207:48426] script 'E:/Netmake/upl.php' not found or unable to stat
[Wed Apr 17 18:24:25.169822 2024] [:error] [pid 19104:tid 16972] [client 139.59.178.207:48458] script 'E:/Netmake/1.php' not found or unable to stat
[Wed Apr 17 18:24:26.101966 2024] [:error] [pid 19104:tid 16972] [client 139.59.178.207:48492] script 'E:/Netmake/password.php' not found or unable to stat
[Wed Apr 17 18:24:26.261969 2024] [:error] [pid 19104:tid 16972] [client 139.59.178.207:48500] script 'E:/Netmake/info.php' not found or unable to stat
[Wed Apr 17 23:10:06.883852 2024] [cgi:error] [pid 19104:tid 16976] [client 14.225.218.2:40836] AH02811: script not found or unable to stat: C:/http/Apache2.4.29/cgi-bin
[Thu Apr 18 03:28:43.267911 2024] [cgi:error] [pid 19104:tid 16972] [client 134.209.227.15:54716] AH02811: script not found or unable to stat: C:/http/Apache2.4.29/cgi-bin
[Thu Apr 18 03:44:32.821957 2024] [cgi:error] [pid 19104:tid 16976] [client 209.38.250.210:31532] AH02811: script not found or unable to stat: C:/http/Apache2.4.29/cgi-bin
[Thu Apr 18 11:03:47.795443 2024] [:error] [pid 19104:tid 16972] [client 143.198.165.76:60154] script 'E:/Netmake/upl.php' not found or unable to stat
[Thu Apr 18 11:03:47.909887 2024] [:error] [pid 19104:tid 16972] [client 143.198.165.76:60188] script 'E:/Netmake/1.php' not found or unable to stat
[Thu Apr 18 11:03:48.244304 2024] [:error] [pid 19104:tid 16972] [client 143.198.165.76:60232] script 'E:/Netmake/password.php' not found or unable to stat
[Thu Apr 18 11:03:48.274347 2024] [:error] [pid 19104:tid 16972] [client 143.198.165.76:60248] script 'E:/Netmake/info.php' not found or unable to stat
[Fri Apr 19 00:27:57.620635 2024] [:error] [pid 19104:tid 16980] [client 204.48.25.69:44674] script 'E:/Netmake/upl.php' not found or unable to stat
[Fri Apr 19 00:27:57.733810 2024] [:error] [pid 19104:tid 16980] [client 204.48.25.69:44694] script 'E:/Netmake/1.php' not found or unable to stat
[Fri Apr 19 00:27:58.051371 2024] [:error] [pid 19104:tid 16980] [client 204.48.25.69:44742] script 'E:/Netmake/password.php' not found or unable to stat
[Fri Apr 19 00:27:58.081373 2024] [:error] [pid 19104:tid 16980] [client 204.48.25.69:44754] script 'E:/Netmake/info.php' not found or unable to stat
[Fri Apr 19 04:26:48.078815 2024] [cgi:error] [pid 19104:tid 16952] [client 80.94.92.60:42122] AH02811: script not found or unable to stat: C:/http/Apache2.4.29/cgi-bin
[Fri Apr 19 05:34:24.376151 2024] [:error] [pid 19104:tid 16948] [client 54.84.62.198:44418] script 'E:/Netmake/wp-login.php' not found or unable to stat
[Fri Apr 19 13:37:13.033460 2024] [:error] [pid 19104:tid 16948] [client 104.248.63.145:34532] script 'E:/Netmake/upl.php' not found or unable to stat
[Fri Apr 19 13:37:13.154384 2024] [:error] [pid 19104:tid 16948] [client 104.248.63.145:34572] script 'E:/Netmake/1.php' not found or unable to stat
[Fri Apr 19 13:37:13.475580 2024] [:error] [pid 19104:tid 16948] [client 104.248.63.145:34612] script 'E:/Netmake/password.php' not found or unable to stat
[Fri Apr 19 13:37:13.505582 2024] [:error] [pid 19104:tid 16948] [client 104.248.63.145:34628] script 'E:/Netmake/info.php' not found or unable to stat
[Sat Apr 20 05:38:12.823244 2024] [:error] [pid 19104:tid 16952] [client 143.198.188.55:49624] script 'E:/Netmake/upl.php' not found or unable to stat
[Sat Apr 20 05:38:12.938246 2024] [:error] [pid 19104:tid 16952] [client 143.198.188.55:49662] script 'E:/Netmake/1.php' not found or unable to stat
[Sat Apr 20 05:38:13.263254 2024] [:error] [pid 19104:tid 16952] [client 143.198.188.55:49688] script 'E:/Netmake/password.php' not found or unable to stat
[Sat Apr 20 05:38:13.288254 2024] [:error] [pid 19104:tid 16952] [client 143.198.188.55:49694] script 'E:/Netmake/info.php' not found or unable to stat
[Sat Apr 20 16:02:10.837350 2024] [:error] [pid 19104:tid 16976] [client 159.65.88.226:37624] script 'E:/Netmake/upl.php' not found or unable to stat
[Sat Apr 20 16:02:11.508081 2024] [:error] [pid 19104:tid 16976] [client 159.65.88.226:37664] script 'E:/Netmake/1.php' not found or unable to stat
[Sat Apr 20 16:02:12.492883 2024] [:error] [pid 19104:tid 16976] [client 159.65.88.226:37686] script 'E:/Netmake/password.php' not found or unable to stat
[Sat Apr 20 16:02:12.664111 2024] [:error] [pid 19104:tid 16976] [client 159.65.88.226:37694] script 'E:/Netmake/info.php' not found or unable to stat
[Sun Apr 21 09:57:04.248906 2024] [:error] [pid 19104:tid 16972] [client 138.197.163.214:39818] script 'E:/Netmake/upl.php' not found or unable to stat
[Sun Apr 21 09:57:04.417642 2024] [:error] [pid 19104:tid 16972] [client 138.197.163.214:39840] script 'E:/Netmake/1.php' not found or unable to stat
[Sun Apr 21 09:57:04.799520 2024] [:error] [pid 19104:tid 16972] [client 138.197.163.214:39872] script 'E:/Netmake/password.php' not found or unable to stat
[Sun Apr 21 09:57:04.844329 2024] [:error] [pid 19104:tid 16972] [client 138.197.163.214:39884] script 'E:/Netmake/info.php' not found or unable to stat
[Mon Apr 22 02:02:45.593126 2024] [:error] [pid 19104:tid 16976] [client 138.68.224.69:47070] script 'E:/Netmake/wp-login.php' not found or unable to stat
[Mon Apr 22 06:00:56.828808 2024] [:error] [pid 19104:tid 16948] [client 142.93.234.239:48312] script 'E:/Netmake/upl.php' not found or unable to stat
[Mon Apr 22 06:00:57.552908 2024] [:error] [pid 19104:tid 16948] [client 142.93.234.239:48364] script 'E:/Netmake/1.php' not found or unable to stat
[Mon Apr 22 06:00:58.594862 2024] [:error] [pid 19104:tid 16948] [client 142.93.234.239:48400] script 'E:/Netmake/password.php' not found or unable to stat
[Mon Apr 22 06:00:58.783510 2024] [:error] [pid 19104:tid 16948] [client 142.93.234.239:48414] script 'E:/Netmake/info.php' not found or unable to stat
[Mon Apr 22 06:46:25.155367 2024] [:error] [pid 19104:tid 16948] [client 85.202.160.132:47194] script 'E:/Netmake/wp-login.php' not found or unable to stat
[Mon Apr 22 13:13:39.280089 2024] [:error] [pid 19104:tid 16980] [client 3.239.82.142:55929] script 'E:/Netmake/wp-login.php' not found or unable to stat
[Mon Apr 22 14:59:24.731613 2024] [:error] [pid 19104:tid 16980] [client 157.230.175.144:54546] script 'E:/Netmake/upl.php' not found or unable to stat
[Mon Apr 22 14:59:25.304056 2024] [:error] [pid 19104:tid 16980] [client 157.230.175.144:54586] script 'E:/Netmake/1.php' not found or unable to stat
[Mon Apr 22 14:59:26.129397 2024] [:error] [pid 19104:tid 16980] [client 157.230.175.144:54620] script 'E:/Netmake/password.php' not found or unable to stat
[Mon Apr 22 14:59:26.269452 2024] [:error] [pid 19104:tid 16980] [client 157.230.175.144:54628] script 'E:/Netmake/info.php' not found or unable to stat
[Tue Apr 23 08:43:36.790929 2024] [:error] [pid 19104:tid 16980] [client 139.59.46.221:56322] script 'E:/Netmake/upl.php' not found or unable to stat
[Tue Apr 23 08:43:38.875519 2024] [:error] [pid 19104:tid 16980] [client 139.59.46.221:56354] script 'E:/Netmake/1.php' not found or unable to stat
[Tue Apr 23 08:43:41.770509 2024] [:error] [pid 19104:tid 16980] [client 139.59.46.221:45996] script 'E:/Netmake/password.php' not found or unable to stat
[Tue Apr 23 08:43:42.294369 2024] [:error] [pid 19104:tid 16980] [client 139.59.46.221:46008] script 'E:/Netmake/info.php' not found or unable to stat
[Tue Apr 23 20:36:17.718058 2024] [:error] [pid 19104:tid 16984] [client 170.64.216.220:41636] script 'E:/Netmake/upl.php' not found or unable to stat
[Tue Apr 23 20:36:19.357712 2024] [:error] [pid 19104:tid 16984] [client 170.64.216.220:41654] script 'E:/Netmake/1.php' not found or unable to stat
[Tue Apr 23 20:36:21.587854 2024] [:error] [pid 19104:tid 16984] [client 170.64.216.220:41698] script 'E:/Netmake/password.php' not found or unable to stat
[Tue Apr 23 20:36:21.995229 2024] [:error] [pid 19104:tid 16984] [client 170.64.216.220:41700] script 'E:/Netmake/info.php' not found or unable to stat
[Tue Apr 23 20:53:12.714023 2024] [access_compat:error] [pid 19104:tid 16984] [client 5.8.11.202:60313] AH01797: client denied by server configuration: E:/Netmake/server-status
[Tue Apr 23 20:53:50.468158 2024] [access_compat:error] [pid 19104:tid 16984] [client 5.8.11.202:59606] AH01797: client denied by server configuration: E:/Netmake/server-status
[Wed Apr 24 06:54:12.897258 2024] [cgi:error] [pid 19104:tid 16972] [client 134.209.32.65:49620] AH02811: script not found or unable to stat: C:/http/Apache2.4.29/cgi-bin
[Wed Apr 24 13:11:25.875435 2024] [:error] [pid 19104:tid 16972] [client 198.199.69.150:40348] script 'E:/Netmake/upl.php' not found or unable to stat
[Wed Apr 24 13:11:25.993434 2024] [:error] [pid 19104:tid 16972] [client 198.199.69.150:40396] script 'E:/Netmake/1.php' not found or unable to stat
[Wed Apr 24 13:11:26.338440 2024] [:error] [pid 19104:tid 16972] [client 198.199.69.150:40424] script 'E:/Netmake/password.php' not found or unable to stat
[Wed Apr 24 13:11:26.368439 2024] [:error] [pid 19104:tid 16972] [client 198.199.69.150:40428] script 'E:/Netmake/info.php' not found or unable to stat
[Thu Apr 25 06:17:01.276839 2024] [:error] [pid 19104:tid 16972] [client 178.128.207.139:39188] script 'E:/Netmake/upl.php' not found or unable to stat
[Thu Apr 25 06:17:02.029276 2024] [:error] [pid 19104:tid 16972] [client 178.128.207.139:39230] script 'E:/Netmake/1.php' not found or unable to stat
[Thu Apr 25 06:17:03.084183 2024] [:error] [pid 19104:tid 16972] [client 178.128.207.139:39272] script 'E:/Netmake/password.php' not found or unable to stat
[Thu Apr 25 06:17:03.263328 2024] [:error] [pid 19104:tid 16972] [client 178.128.207.139:59638] script 'E:/Netmake/info.php' not found or unable to stat
[Thu Apr 25 09:50:56.902951 2024] [cgi:error] [pid 19104:tid 16976] [client 64.226.77.214:1582] AH02811: script not found or unable to stat: C:/http/Apache2.4.29/cgi-bin
[Thu Apr 25 10:19:22.980929 2024] [cgi:error] [pid 19104:tid 16976] [client 64.226.77.135:15356] AH02811: script not found or unable to stat: C:/http/Apache2.4.29/cgi-bin
[Thu Apr 25 18:57:47.575217 2024] [:error] [pid 19104:tid 16972] [client 134.209.198.103:51936] script 'E:/Netmake/upl.php' not found or unable to stat
[Thu Apr 25 18:57:48.293052 2024] [:error] [pid 19104:tid 16972] [client 134.209.198.103:51978] script 'E:/Netmake/1.php' not found or unable to stat
[Thu Apr 25 18:57:49.298558 2024] [:error] [pid 19104:tid 16972] [client 134.209.198.103:52010] script 'E:/Netmake/password.php' not found or unable to stat
[Thu Apr 25 18:57:49.473550 2024] [:error] [pid 19104:tid 16972] [client 134.209.198.103:52022] script 'E:/Netmake/info.php' not found or unable to stat
[Thu Apr 25 22:37:17.520547 2024] [access_compat:error] [pid 19104:tid 16932] [client 15.204.197.62:37210] AH01797: client denied by server configuration: E:/Netmake/server-status
[Thu Apr 25 22:37:20.846133 2024] [:error] [pid 19104:tid 16924] [client 15.204.197.62:37506] script 'E:/Netmake/home.php' not found or unable to stat
[Thu Apr 25 22:37:22.690743 2024] [:error] [pid 19104:tid 16924] [client 15.204.197.62:37588] script 'E:/Netmake/default.php' not found or unable to stat
[Thu Apr 25 22:37:22.860748 2024] [:error] [pid 19104:tid 16924] [client 15.204.197.62:37602] script 'E:/Netmake/localstart.php' not found or unable to stat
[Thu Apr 25 22:37:25.267044 2024] [core:error] [pid 19104:tid 16896] [client 15.204.197.62:37756] AH00126: Invalid URI in request GET default.asp HTTP/1.1
[Thu Apr 25 22:37:27.790611 2024] [:error] [pid 19104:tid 16948] [client 15.204.197.62:39868] script 'E:/Netmake/indice.php' not found or unable to stat
[Thu Apr 25 22:37:31.634109 2024] [:error] [pid 19104:tid 16952] [client 15.204.197.62:40066] script 'E:/Netmake/base.php' not found or unable to stat
[Thu Apr 25 22:37:32.300639 2024] [:error] [pid 19104:tid 16948] [client 15.204.197.62:40106] script 'E:/Netmake/inicio.php' not found or unable to stat
[Thu Apr 25 22:37:32.805612 2024] [:error] [pid 19104:tid 16952] [client 15.204.197.62:40130] script 'E:/Netmake/main.php' not found or unable to stat
[Thu Apr 25 22:37:33.614842 2024] [:error] [pid 19104:tid 16940] [client 15.204.197.62:40220] script 'E:/Netmake/admin.php' not found or unable to stat
[Thu Apr 25 22:37:34.030805 2024] [:error] [pid 19104:tid 16896] [client 15.204.197.62:40282] script 'E:/Netmake/menu.php' not found or unable to stat
[Thu Apr 25 22:37:34.132082 2024] [:error] [pid 19104:tid 16896] [client 15.204.197.62:40308] script 'E:/Netmake/start.php' not found or unable to stat
[Fri Apr 26 15:34:40.691793 2024] [:error] [pid 19104:tid 16928] [client 188.166.153.98:54216] script 'E:/Netmake/upl.php' not found or unable to stat
[Fri Apr 26 15:34:41.343872 2024] [:error] [pid 19104:tid 16928] [client 188.166.153.98:54272] script 'E:/Netmake/1.php' not found or unable to stat
[Fri Apr 26 15:34:42.290232 2024] [:error] [pid 19104:tid 16928] [client 188.166.153.98:54318] script 'E:/Netmake/password.php' not found or unable to stat
[Fri Apr 26 15:34:42.448062 2024] [:error] [pid 19104:tid 16928] [client 188.166.153.98:54334] script 'E:/Netmake/info.php' not found or unable to stat
[Fri Apr 26 19:18:21.931097 2024] [cgi:error] [pid 19104:tid 16896] [client 103.245.236.120:44676] AH02811: script not found or unable to stat: C:/http/Apache2.4.29/cgi-bin
[Sat Apr 27 01:43:42.765220 2024] [cgi:error] [pid 19104:tid 16928] [client 103.245.236.120:56116] AH02811: script not found or unable to stat: C:/http/Apache2.4.29/cgi-bin
[Sat Apr 27 01:43:43.038222 2024] [cgi:error] [pid 19104:tid 16928] [client 103.245.236.120:56116] AH02811: script not found or unable to stat: C:/http/Apache2.4.29/cgi-bin
[Sat Apr 27 04:27:57.188303 2024] [:error] [pid 19104:tid 16924] [client 167.71.97.146:57132] script 'E:/Netmake/upl.php' not found or unable to stat
[Sat Apr 27 04:27:57.298850 2024] [:error] [pid 19104:tid 16924] [client 167.71.97.146:57166] script 'E:/Netmake/1.php' not found or unable to stat
[Sat Apr 27 04:27:57.617013 2024] [:error] [pid 19104:tid 16924] [client 167.71.97.146:57198] script 'E:/Netmake/password.php' not found or unable to stat
[Sat Apr 27 04:27:57.647011 2024] [:error] [pid 19104:tid 16924] [client 167.71.97.146:57212] script 'E:/Netmake/info.php' not found or unable to stat
[Sat Apr 27 14:13:47.217194 2024] [:error] [pid 19104:tid 16928] [client 134.122.47.134:59256] script 'E:/Netmake/upl.php' not found or unable to stat
[Sat Apr 27 14:13:47.385100 2024] [:error] [pid 19104:tid 16928] [client 134.122.47.134:59288] script 'E:/Netmake/1.php' not found or unable to stat
[Sat Apr 27 14:13:47.772101 2024] [:error] [pid 19104:tid 16928] [client 134.122.47.134:59332] script 'E:/Netmake/password.php' not found or unable to stat
[Sat Apr 27 14:13:47.812104 2024] [:error] [pid 19104:tid 16928] [client 134.122.47.134:59342] script 'E:/Netmake/info.php' not found or unable to stat
[Sun Apr 28 06:15:23.297628 2024] [:error] [pid 19104:tid 16884] [client 167.71.225.55:55198] script 'E:/Netmake/upl.php' not found or unable to stat
[Sun Apr 28 06:15:25.129763 2024] [:error] [pid 19104:tid 16896] [client 167.71.225.55:55234] script 'E:/Netmake/1.php' not found or unable to stat
[Sun Apr 28 06:15:27.609394 2024] [:error] [pid 19104:tid 16896] [client 167.71.225.55:55262] script 'E:/Netmake/password.php' not found or unable to stat
[Sun Apr 28 06:15:28.064402 2024] [:error] [pid 19104:tid 16896] [client 167.71.225.55:55278] script 'E:/Netmake/info.php' not found or unable to stat
[Sun Apr 28 10:20:19.464066 2024] [cgi:error] [pid 19104:tid 16884] [client 103.245.236.120:56338] AH02811: script not found or unable to stat: C:/http/Apache2.4.29/cgi-bin
[Sun Apr 28 10:20:19.719693 2024] [cgi:error] [pid 19104:tid 16884] [client 103.245.236.120:56338] AH02811: script not found or unable to stat: C:/http/Apache2.4.29/cgi-bin
[Sun Apr 28 18:18:41.998796 2024] [cgi:error] [pid 19104:tid 16876] [client 103.245.236.120:57666] AH02811: script not found or unable to stat: C:/http/Apache2.4.29/cgi-bin
[Sun Apr 28 18:18:42.258801 2024] [cgi:error] [pid 19104:tid 16876] [client 103.245.236.120:57666] AH02811: script not found or unable to stat: C:/http/Apache2.4.29/cgi-bin
[Mon Apr 29 00:28:19.908457 2024] [:error] [pid 19104:tid 16884] [client 209.38.236.229:44910] script 'E:/Netmake/upl.php' not found or unable to stat
[Mon Apr 29 00:28:20.651564 2024] [:error] [pid 19104:tid 16884] [client 209.38.236.229:44966] script 'E:/Netmake/1.php' not found or unable to stat
[Mon Apr 29 00:28:21.688624 2024] [:error] [pid 19104:tid 16876] [client 209.38.236.229:45000] script 'E:/Netmake/password.php' not found or unable to stat
[Mon Apr 29 00:28:21.868625 2024] [:error] [pid 19104:tid 16876] [client 209.38.236.229:45012] script 'E:/Netmake/info.php' not found or unable to stat
[Mon Apr 29 08:46:25.845217 2024] [cgi:error] [pid 19104:tid 16884] [client 141.255.167.250:43604] AH02811: script not found or unable to stat: C:/http/Apache2.4.29/cgi-bin
[Mon Apr 29 10:33:26.261882 2024] [:error] [pid 19104:tid 16980] [client 188.166.212.80:51118] script 'E:/Netmake/upl.php' not found or unable to stat
[Mon Apr 29 10:33:28.021967 2024] [:error] [pid 19104:tid 16980] [client 188.166.212.80:51164] script 'E:/Netmake/1.php' not found or unable to stat
[Mon Apr 29 10:33:30.419111 2024] [:error] [pid 19104:tid 16980] [client 188.166.212.80:51200] script 'E:/Netmake/password.php' not found or unable to stat
[Mon Apr 29 10:33:30.859097 2024] [:error] [pid 19104:tid 16980] [client 188.166.212.80:51210] script 'E:/Netmake/info.php' not found or unable to stat
[Mon Apr 29 15:58:52.192722 2024] [cgi:error] [pid 19104:tid 16980] [client 157.10.45.238:49712] AH02811: script not found or unable to stat: C:/http/Apache2.4.29/cgi-bin
[Mon Apr 29 17:21:57.737475 2024] [:error] [pid 19104:tid 16876] [client 146.190.250.123:33168] script 'E:/Netmake/upl.php' not found or unable to stat
[Mon Apr 29 17:21:57.910920 2024] [:error] [pid 19104:tid 16876] [client 146.190.250.123:33202] script 'E:/Netmake/1.php' not found or unable to stat
[Mon Apr 29 17:21:58.291944 2024] [:error] [pid 19104:tid 16876] [client 146.190.250.123:55258] script 'E:/Netmake/password.php' not found or unable to stat
[Mon Apr 29 17:21:58.336893 2024] [:error] [pid 19104:tid 16876] [client 146.190.250.123:55272] script 'E:/Netmake/info.php' not found or unable to stat
[Mon Apr 29 22:24:18.402145 2024] [cgi:error] [pid 19104:tid 16904] [client 103.245.236.120:38104] AH02811: script not found or unable to stat: C:/http/Apache2.4.29/cgi-bin
[Mon Apr 29 22:24:18.662653 2024] [cgi:error] [pid 19104:tid 16904] [client 103.245.236.120:38104] AH02811: script not found or unable to stat: C:/http/Apache2.4.29/cgi-bin
[Tue Apr 30 03:25:48.417745 2024] [:error] [pid 19104:tid 16904] [client 64.227.142.254:54360] script 'E:/Netmake/upl.php' not found or unable to stat
[Tue Apr 30 03:25:50.274707 2024] [:error] [pid 19104:tid 16904] [client 64.227.142.254:60726] script 'E:/Netmake/1.php' not found or unable to stat
[Tue Apr 30 03:25:52.855608 2024] [:error] [pid 19104:tid 16904] [client 64.227.142.254:60766] script 'E:/Netmake/password.php' not found or unable to stat
[Tue Apr 30 03:25:53.325698 2024] [:error] [pid 19104:tid 16904] [client 64.227.142.254:60774] script 'E:/Netmake/info.php' not found or unable to stat
[Tue Apr 30 05:24:24.343954 2024] [cgi:error] [pid 19104:tid 16904] [client 103.245.236.120:41596] AH02811: script not found or unable to stat: C:/http/Apache2.4.29/cgi-bin
[Tue Apr 30 05:24:24.608959 2024] [cgi:error] [pid 19104:tid 16904] [client 103.245.236.120:41596] AH02811: script not found or unable to stat: C:/http/Apache2.4.29/cgi-bin
[Tue Apr 30 08:24:46.569739 2024] [cgi:error] [pid 19104:tid 16904] [client 103.245.236.120:34184] AH02811: script not found or unable to stat: C:/http/Apache2.4.29/cgi-bin
[Tue Apr 30 08:24:46.829742 2024] [cgi:error] [pid 19104:tid 16904] [client 103.245.236.120:34184] AH02811: script not found or unable to stat: C:/http/Apache2.4.29/cgi-bin
[Tue Apr 30 10:30:53.303269 2024] [cgi:error] [pid 19104:tid 16904] [client 103.245.236.120:43468] AH02811: script not found or unable to stat: C:/http/Apache2.4.29/cgi-bin
[Tue Apr 30 10:30:53.564109 2024] [cgi:error] [pid 19104:tid 16904] [client 103.245.236.120:43468] AH02811: script not found or unable to stat: C:/http/Apache2.4.29/cgi-bin
[Tue Apr 30 18:14:53.810506 2024] [:error] [pid 19104:tid 16984] [client 5.62.49.83:10401] script 'E:/Netmake/.env.php' not found or unable to stat, referer: https://www.google.com/
[Tue Apr 30 18:16:55.013642 2024] [core:error] [pid 19104:tid 16984] (22)Invalid argument: [client 5.62.49.83:10457] AH00127: Cannot map POST //%C0 HTTP/1.1 to file, referer: https://www.google.com/
[Tue Apr 30 18:17:12.692634 2024] [:error] [pid 19104:tid 16984] [client 5.62.49.83:10545] script 'E:/Netmake/frontend_dev.php' not found or unable to stat, referer: https://www.google.com/
[Tue Apr 30 18:17:13.126470 2024] [:error] [pid 19104:tid 16984] [client 5.62.49.83:10545] script 'E:/Netmake/info.php' not found or unable to stat, referer: https://www.google.com/
[Tue Apr 30 18:17:28.541781 2024] [:error] [pid 19104:tid 16876] [client 5.62.49.83:10411] script 'E:/Netmake/phpinfo.php' not found or unable to stat, referer: https://www.google.com/
[Tue Apr 30 18:53:11.148040 2024] [:error] [pid 19104:tid 16876] [client 134.122.51.253:41764] script 'E:/Netmake/upl.php' not found or unable to stat
[Tue Apr 30 18:53:11.854055 2024] [:error] [pid 19104:tid 16876] [client 134.122.51.253:41796] script 'E:/Netmake/1.php' not found or unable to stat
[Tue Apr 30 18:53:12.850192 2024] [:error] [pid 19104:tid 16876] [client 134.122.51.253:41830] script 'E:/Netmake/password.php' not found or unable to stat
[Tue Apr 30 18:53:13.025193 2024] [:error] [pid 19104:tid 16876] [client 134.122.51.253:41842] script 'E:/Netmake/info.php' not found or unable to stat
[Tue Apr 30 19:44:22.508978 2024] [cgi:error] [pid 19104:tid 16984] [client 103.245.236.120:41422] AH02811: script not found or unable to stat: C:/http/Apache2.4.29/cgi-bin
[Tue Apr 30 19:44:22.772575 2024] [cgi:error] [pid 19104:tid 16984] [client 103.245.236.120:41422] AH02811: script not found or unable to stat: C:/http/Apache2.4.29/cgi-bin
[Wed May 01 06:04:12.131961 2024] [cgi:error] [pid 19104:tid 16884] [client 103.245.236.120:35376] AH02811: script not found or unable to stat: C:/http/Apache2.4.29/cgi-bin
[Wed May 01 06:04:12.385041 2024] [cgi:error] [pid 19104:tid 16884] [client 103.245.236.120:35376] AH02811: script not found or unable to stat: C:/http/Apache2.4.29/cgi-bin
[Wed May 01 10:26:16.166114 2024] [:error] [pid 19104:tid 16924] [client 159.223.82.57:35452] script 'E:/Netmake/upl.php' not found or unable to stat
[Wed May 01 10:26:17.939180 2024] [:error] [pid 19104:tid 16924] [client 159.223.82.57:35470] script 'E:/Netmake/1.php' not found or unable to stat
[Wed May 01 10:26:20.385018 2024] [:error] [pid 19104:tid 16924] [client 159.223.82.57:46438] script 'E:/Netmake/password.php' not found or unable to stat
[Wed May 01 10:26:20.821094 2024] [:error] [pid 19104:tid 16924] [client 159.223.82.57:46444] script 'E:/Netmake/info.php' not found or unable to stat
[Wed May 01 22:12:46.415434 2024] [:error] [pid 19104:tid 16924] [client 20.85.187.77:1604] script 'E:/Netmake/wp-login.php' not found or unable to stat
[Thu May 02 10:07:29.693662 2024] [:error] [pid 19104:tid 16896] [client 172.233.155.168:56932] script 'E:/Netmake/upl.php' not found or unable to stat
[Thu May 02 10:07:30.196105 2024] [:error] [pid 19104:tid 16896] [client 172.233.155.168:56978] script 'E:/Netmake/1.php' not found or unable to stat
[Thu May 02 10:07:31.002617 2024] [:error] [pid 19104:tid 16896] [client 172.233.155.168:56998] script 'E:/Netmake/password.php' not found or unable to stat
[Thu May 02 10:07:31.122619 2024] [:error] [pid 19104:tid 16896] [client 172.233.155.168:57004] script 'E:/Netmake/info.php' not found or unable to stat
[Thu May 02 10:55:12.589085 2024] [:error] [pid 19104:tid 16884] [client 178.128.225.68:49266] script 'E:/Netmake/upl.php' not found or unable to stat
[Thu May 02 10:55:12.761734 2024] [:error] [pid 19104:tid 16884] [client 178.128.225.68:49288] script 'E:/Netmake/1.php' not found or unable to stat
[Thu May 02 10:55:13.151741 2024] [:error] [pid 19104:tid 16884] [client 178.128.225.68:49332] script 'E:/Netmake/password.php' not found or unable to stat
[Thu May 02 10:55:13.191744 2024] [:error] [pid 19104:tid 16884] [client 178.128.225.68:49342] script 'E:/Netmake/info.php' not found or unable to stat
[Thu May 02 23:15:02.815630 2024] [:error] [pid 19104:tid 16924] [client 147.182.240.75:42492] script 'E:/Netmake/upl.php' not found or unable to stat
[Thu May 02 23:15:03.384242 2024] [:error] [pid 19104:tid 16924] [client 147.182.240.75:42530] script 'E:/Netmake/1.php' not found or unable to stat
[Thu May 02 23:15:04.225185 2024] [:error] [pid 19104:tid 16924] [client 147.182.240.75:51416] script 'E:/Netmake/password.php' not found or unable to stat
[Thu May 02 23:15:04.368327 2024] [:error] [pid 19104:tid 16924] [client 147.182.240.75:51424] script 'E:/Netmake/info.php' not found or unable to stat
[Fri May 03 14:49:39.125791 2024] [cgi:error] [pid 19104:tid 16888] [client 103.245.236.120:45438] AH02811: script not found or unable to stat: C:/http/Apache2.4.29/cgi-bin
[Fri May 03 14:49:39.386124 2024] [cgi:error] [pid 19104:tid 16888] [client 103.245.236.120:45438] AH02811: script not found or unable to stat: C:/http/Apache2.4.29/cgi-bin
[Fri May 03 18:35:48.394881 2024] [cgi:error] [pid 19104:tid 16888] [client 103.245.236.120:57866] AH02811: script not found or unable to stat: C:/http/Apache2.4.29/cgi-bin
[Fri May 03 18:35:48.649886 2024] [cgi:error] [pid 19104:tid 16888] [client 103.245.236.120:57866] AH02811: script not found or unable to stat: C:/http/Apache2.4.29/cgi-bin
[Fri May 03 21:48:34.782344 2024] [:error] [pid 19104:tid 16888] [client 172.232.107.68:58134] script 'E:/Netmake/upl.php' not found or unable to stat
[Fri May 03 21:48:36.536244 2024] [:error] [pid 19104:tid 16888] [client 172.232.107.68:58156] script 'E:/Netmake/1.php' not found or unable to stat
[Fri May 03 21:48:38.927380 2024] [:error] [pid 19104:tid 16888] [client 172.232.107.68:58196] script 'E:/Netmake/password.php' not found or unable to stat
[Fri May 03 21:48:39.367771 2024] [:error] [pid 19104:tid 16888] [client 172.232.107.68:58208] script 'E:/Netmake/info.php' not found or unable to stat
[Sat May 04 08:13:29.778204 2024] [:error] [pid 19104:tid 16884] [client 172.104.236.222:55418] script 'E:/Netmake/upl.php' not found or unable to stat
[Sat May 04 08:13:30.506203 2024] [:error] [pid 19104:tid 16884] [client 172.104.236.222:55450] script 'E:/Netmake/1.php' not found or unable to stat
[Sat May 04 08:13:31.539751 2024] [:error] [pid 19104:tid 16884] [client 172.104.236.222:55512] script 'E:/Netmake/password.php' not found or unable to stat
[Sat May 04 08:13:31.722833 2024] [:error] [pid 19104:tid 16884] [client 172.104.236.222:55526] script 'E:/Netmake/info.php' not found or unable to stat
[Sat May 04 19:12:37.211892 2024] [cgi:error] [pid 19104:tid 16888] [client 45.156.128.12:50346] AH02811: script not found or unable to stat: C:/http/Apache2.4.29/cgi-bin
[Sat May 04 22:39:56.476253 2024] [:error] [pid 19104:tid 16896] [client 15.204.217.196:36298] script 'E:/Netmake/upl.php' not found or unable to stat
[Sat May 04 22:39:56.541193 2024] [:error] [pid 19104:tid 16896] [client 15.204.217.196:36344] script 'E:/Netmake/1.php' not found or unable to stat
[Sat May 04 22:39:56.816199 2024] [:error] [pid 19104:tid 16896] [client 15.204.217.196:36388] script 'E:/Netmake/password.php' not found or unable to stat
[Sat May 04 22:39:56.835864 2024] [:error] [pid 19104:tid 16896] [client 15.204.217.196:36392] script 'E:/Netmake/info.php' not found or unable to stat
[Sun May 05 04:27:01.343669 2024] [cgi:error] [pid 19104:tid 16896] [client 103.245.236.120:55298] AH02811: script not found or unable to stat: C:/http/Apache2.4.29/cgi-bin
[Sun May 05 04:27:01.600653 2024] [cgi:error] [pid 19104:tid 16896] [client 103.245.236.120:55298] AH02811: script not found or unable to stat: C:/http/Apache2.4.29/cgi-bin
[Sun May 05 13:15:59.327119 2024] [:error] [pid 19104:tid 16888] [client 15.204.217.196:33424] script 'E:/Netmake/upl.php' not found or unable to stat
[Sun May 05 13:15:59.399280 2024] [:error] [pid 19104:tid 16888] [client 15.204.217.196:33468] script 'E:/Netmake/1.php' not found or unable to stat
[Sun May 05 13:15:59.669390 2024] [:error] [pid 19104:tid 16888] [client 15.204.217.196:33516] script 'E:/Netmake/password.php' not found or unable to stat
[Sun May 05 13:15:59.684388 2024] [:error] [pid 19104:tid 16888] [client 15.204.217.196:33522] script 'E:/Netmake/info.php' not found or unable to stat
[Sun May 05 13:59:32.899624 2024] [cgi:error] [pid 19104:tid 16896] [client 209.38.210.197:3144] AH02811: script not found or unable to stat: C:/http/Apache2.4.29/cgi-bin
[Sun May 05 14:48:23.820692 2024] [cgi:error] [pid 19104:tid 16896] [client 209.38.210.197:17154] AH02811: script not found or unable to stat: C:/http/Apache2.4.29/cgi-bin
[Sun May 05 18:00:52.052724 2024] [cgi:error] [pid 19104:tid 16884] [client 103.245.236.120:59216] AH02811: script not found or unable to stat: C:/http/Apache2.4.29/cgi-bin
[Sun May 05 18:00:52.314573 2024] [cgi:error] [pid 19104:tid 16884] [client 103.245.236.120:59216] AH02811: script not found or unable to stat: C:/http/Apache2.4.29/cgi-bin
[Mon May 06 18:05:56.346278 2024] [cgi:error] [pid 19104:tid 16924] [client 5.10.250.35:33050] AH02811: script not found or unable to stat: C:/http/Apache2.4.29/cgi-bin
[Mon May 06 19:54:14.644885 2024] [:error] [pid 19104:tid 16924] [client 178.62.19.83:53256] script 'E:/Netmake/upl.php' not found or unable to stat
[Mon May 06 19:54:15.294902 2024] [:error] [pid 19104:tid 16924] [client 178.62.19.83:53296] script 'E:/Netmake/1.php' not found or unable to stat
[Mon May 06 19:54:16.241629 2024] [:error] [pid 19104:tid 16924] [client 178.62.19.83:53330] script 'E:/Netmake/password.php' not found or unable to stat
[Mon May 06 19:54:16.403381 2024] [:error] [pid 19104:tid 16924] [client 178.62.19.83:53340] script 'E:/Netmake/info.php' not found or unable to stat
[Tue May 07 00:10:08.460470 2024] [cgi:error] [pid 19104:tid 16924] [client 103.245.236.120:44132] AH02811: script not found or unable to stat: C:/http/Apache2.4.29/cgi-bin
[Tue May 07 00:10:08.723335 2024] [cgi:error] [pid 19104:tid 16924] [client 103.245.236.120:44132] AH02811: script not found or unable to stat: C:/http/Apache2.4.29/cgi-bin
[Tue May 07 12:31:39.624160 2024] [cgi:error] [pid 19104:tid 16888] [client 103.245.236.120:37962] AH02811: script not found or unable to stat: C:/http/Apache2.4.29/cgi-bin
[Tue May 07 12:31:39.879165 2024] [cgi:error] [pid 19104:tid 16888] [client 103.245.236.120:37962] AH02811: script not found or unable to stat: C:/http/Apache2.4.29/cgi-bin
[Tue May 07 16:33:20.847983 2024] [cgi:error] [pid 19104:tid 16888] [client 94.156.79.247:53696] AH02811: script not found or unable to stat: C:/http/Apache2.4.29/cgi-bin
[Tue May 07 18:45:15.190844 2024] [cgi:error] [pid 19104:tid 16944] [client 103.245.236.120:34596] AH02811: script not found or unable to stat: C:/http/Apache2.4.29/cgi-bin
[Tue May 07 18:45:15.445787 2024] [cgi:error] [pid 19104:tid 16944] [client 103.245.236.120:34596] AH02811: script not found or unable to stat: C:/http/Apache2.4.29/cgi-bin
[Tue May 07 18:46:44.654476 2024] [:error] [pid 19104:tid 16904] [client 139.59.95.209:35606] script 'E:/Netmake/upl.php' not found or unable to stat
[Tue May 07 18:46:46.480424 2024] [:error] [pid 19104:tid 16904] [client 139.59.95.209:36018] script 'E:/Netmake/1.php' not found or unable to stat
[Tue May 07 18:46:48.920789 2024] [:error] [pid 19104:tid 16904] [client 139.59.95.209:36056] script 'E:/Netmake/password.php' not found or unable to stat
[Tue May 07 18:46:49.374343 2024] [:error] [pid 19104:tid 16904] [client 139.59.95.209:36062] script 'E:/Netmake/info.php' not found or unable to stat
[Wed May 08 12:19:00.906962 2024] [cgi:error] [pid 19104:tid 16884] [client 103.245.236.120:39116] AH02811: script not found or unable to stat: C:/http/Apache2.4.29/cgi-bin
[Wed May 08 12:19:01.171920 2024] [cgi:error] [pid 19104:tid 16884] [client 103.245.236.120:39116] AH02811: script not found or unable to stat: C:/http/Apache2.4.29/cgi-bin
[Wed May 08 12:25:52.448985 2024] [cgi:error] [pid 19104:tid 16904] [client 18.133.241.114:60650] AH02811: script not found or unable to stat: C:/http/Apache2.4.29/cgi-bin
[Wed May 08 16:51:19.604929 2024] [:error] [pid 19104:tid 16904] [client 146.19.207.44:59937] script 'E:/Netmake/frontend_dev.php' not found or unable to stat
[Wed May 08 16:51:20.453300 2024] [:error] [pid 19104:tid 16904] [client 146.19.207.44:51451] script 'E:/Netmake/info.php' not found or unable to stat
[Wed May 08 16:51:21.067821 2024] [:error] [pid 19104:tid 16904] [client 146.19.207.44:61094] script 'E:/Netmake/phpinfo.php' not found or unable to stat
[Wed May 08 22:56:59.488891 2024] [cgi:error] [pid 19104:tid 16924] [client 103.245.236.120:37088] AH02811: script not found or unable to stat: C:/http/Apache2.4.29/cgi-bin
[Wed May 08 22:56:59.759417 2024] [cgi:error] [pid 19104:tid 16924] [client 103.245.236.120:37088] AH02811: script not found or unable to stat: C:/http/Apache2.4.29/cgi-bin
[Thu May 09 07:04:29.609100 2024] [cgi:error] [pid 19104:tid 16904] [client 103.245.236.120:60496] AH02811: script not found or unable to stat: C:/http/Apache2.4.29/cgi-bin
[Thu May 09 07:04:29.866662 2024] [cgi:error] [pid 19104:tid 16904] [client 103.245.236.120:60496] AH02811: script not found or unable to stat: C:/http/Apache2.4.29/cgi-bin
[Thu May 09 12:26:13.017382 2024] [:error] [pid 19104:tid 16904] [client 152.42.234.1:59317] script 'E:/Netmake/phpinfo.php' not found or unable to stat
[Thu May 09 12:26:13.928950 2024] [:error] [pid 19104:tid 16904] [client 152.42.234.1:59372] script 'E:/Netmake/info.php' not found or unable to stat
[Fri May 10 11:59:33.545629 2024] [cgi:error] [pid 19104:tid 16872] [client 185.180.143.79:46574] AH02811: script not found or unable to stat: C:/http/Apache2.4.29/cgi-bin
[Sat May 11 20:27:36.935579 2024] [cgi:error] [pid 19104:tid 16476] [client 138.68.99.83:9448] AH02811: script not found or unable to stat: C:/http/Apache2.4.29/cgi-bin
[Sun May 12 22:11:57.774577 2024] [cgi:error] [pid 19104:tid 16460] [client 89.190.156.248:61001] AH02811: script not found or unable to stat: C:/http/Apache2.4.29/cgi-bin
[Mon May 13 00:06:38.264091 2024] [cgi:error] [pid 19104:tid 16484] [client 45.128.232.107:44458] AH02811: script not found or unable to stat: C:/http/Apache2.4.29/cgi-bin
[Tue May 14 19:04:32.021429 2024] [access_compat:error] [pid 19104:tid 16484] [client 139.144.52.241:57538] AH01797: client denied by server configuration: E:/Netmake/server-status
[Tue May 14 21:04:50.897121 2024] [cgi:error] [pid 19104:tid 16480] [client 185.180.143.6:34924] AH02811: script not found or unable to stat: C:/http/Apache2.4.29/cgi-bin
[Wed May 15 08:13:11.895732 2024] [:error] [pid 19104:tid 16484] [client 139.144.52.241:61979] script 'E:/Netmake/indice.php' not found or unable to stat
[Wed May 15 08:13:17.715415 2024] [access_compat:error] [pid 19104:tid 16480] [client 139.144.52.241:40410] AH01797: client denied by server configuration: E:/Netmake/server-status
[Wed May 15 11:33:28.349545 2024] [cgi:error] [pid 19104:tid 16496] [client 103.182.19.92:55866] AH02811: script not found or unable to stat: C:/http/Apache2.4.29/cgi-bin
[Wed May 15 11:33:28.609553 2024] [cgi:error] [pid 19104:tid 16496] [client 103.182.19.92:55866] AH02811: script not found or unable to stat: C:/http/Apache2.4.29/cgi-bin
[Wed May 15 16:47:59.447329 2024] [:error] [pid 19104:tid 16456] [client 185.180.143.79:58374] script 'E:/Netmake/status.php' not found or unable to stat
[Wed May 15 18:46:54.232460 2024] [cgi:error] [pid 19104:tid 16484] [client 103.182.19.92:49050] AH02811: script not found or unable to stat: C:/http/Apache2.4.29/cgi-bin
[Wed May 15 18:46:54.489568 2024] [cgi:error] [pid 19104:tid 16484] [client 103.182.19.92:49050] AH02811: script not found or unable to stat: C:/http/Apache2.4.29/cgi-bin
[Sat May 18 00:31:13.978038 2024] [cgi:error] [pid 19104:tid 16480] [client 185.180.143.138:58802] AH02811: script not found or unable to stat: C:/http/Apache2.4.29/cgi-bin
[Sat May 18 04:12:18.662849 2024] [cgi:error] [pid 19104:tid 16468] [client 178.128.197.147:45546] AH02811: script not found or unable to stat: C:/http/Apache2.4.29/cgi-bin
[Mon May 20 00:33:05.955546 2024] [:error] [pid 19104:tid 16504] [client 171.6.12.55:56141] script 'E:/Netmake/wp-login.php' not found or unable to stat
[Mon May 20 02:46:21.015360 2024] [:error] [pid 19104:tid 16504] [client 84.239.43.4:60204] script 'E:/Netmake/app_dev.php' not found or unable to stat
[Mon May 20 02:46:24.028409 2024] [:error] [pid 19104:tid 16504] [client 84.239.43.4:54461] script 'E:/Netmake/app_dev.php' not found or unable to stat
[Mon May 20 02:46:24.566442 2024] [:error] [pid 19104:tid 16504] [client 84.239.43.4:58977] script 'E:/Netmake/phpinfo.php' not found or unable to stat
[Mon May 20 02:46:26.095266 2024] [:error] [pid 19104:tid 16504] [client 84.239.43.4:58729] script 'E:/Netmake/info.php' not found or unable to stat
[Tue May 21 13:39:14.997507 2024] [access_compat:error] [pid 19104:tid 16468] [client 5.8.11.202:46978] AH01797: client denied by server configuration: E:/Netmake/server-status
[Wed May 22 03:07:46.631242 2024] [cgi:error] [pid 19104:tid 16468] [client 103.228.37.56:56532] AH02811: script not found or unable to stat: C:/http/Apache2.4.29/cgi-bin
[Wed May 22 03:07:46.876178 2024] [cgi:error] [pid 19104:tid 16468] [client 103.228.37.56:56532] AH02811: script not found or unable to stat: C:/http/Apache2.4.29/cgi-bin
[Wed May 22 06:02:01.329010 2024] [cgi:error] [pid 19104:tid 16456] [client 103.228.37.56:53548] AH02811: script not found or unable to stat: C:/http/Apache2.4.29/cgi-bin
[Wed May 22 06:02:01.696596 2024] [cgi:error] [pid 19104:tid 16456] [client 103.228.37.56:53548] AH02811: script not found or unable to stat: C:/http/Apache2.4.29/cgi-bin
[Wed May 22 06:26:58.865291 2024] [cgi:error] [pid 19104:tid 16456] [client 103.228.37.56:35942] AH02811: script not found or unable to stat: C:/http/Apache2.4.29/cgi-bin
[Wed May 22 06:26:59.105295 2024] [cgi:error] [pid 19104:tid 16456] [client 103.228.37.56:35942] AH02811: script not found or unable to stat: C:/http/Apache2.4.29/cgi-bin
[Wed May 22 15:08:35.365957 2024] [cgi:error] [pid 19104:tid 16508] [client 103.228.37.56:36470] AH02811: script not found or unable to stat: C:/http/Apache2.4.29/cgi-bin
[Wed May 22 15:08:35.601002 2024] [cgi:error] [pid 19104:tid 16508] [client 103.228.37.56:36470] AH02811: script not found or unable to stat: C:/http/Apache2.4.29/cgi-bin
[Wed May 22 19:00:13.443507 2024] [cgi:error] [pid 19104:tid 16484] [client 103.228.37.56:39564] AH02811: script not found or unable to stat: C:/http/Apache2.4.29/cgi-bin
[Wed May 22 19:00:13.683518 2024] [cgi:error] [pid 19104:tid 16484] [client 103.228.37.56:39564] AH02811: script not found or unable to stat: C:/http/Apache2.4.29/cgi-bin
[Thu May 23 05:44:47.979941 2024] [cgi:error] [pid 19104:tid 16468] [client 103.228.37.56:40690] AH02811: script not found or unable to stat: C:/http/Apache2.4.29/cgi-bin
[Thu May 23 05:44:48.222401 2024] [cgi:error] [pid 19104:tid 16468] [client 103.228.37.56:40690] AH02811: script not found or unable to stat: C:/http/Apache2.4.29/cgi-bin
[Thu May 23 14:06:08.877311 2024] [cgi:error] [pid 19104:tid 16456] [client 103.228.37.56:49130] AH02811: script not found or unable to stat: C:/http/Apache2.4.29/cgi-bin
[Thu May 23 14:06:09.123640 2024] [cgi:error] [pid 19104:tid 16456] [client 103.228.37.56:49130] AH02811: script not found or unable to stat: C:/http/Apache2.4.29/cgi-bin
[Thu May 23 20:09:40.184903 2024] [cgi:error] [pid 19104:tid 16480] [client 103.228.37.56:35820] AH02811: script not found or unable to stat: C:/http/Apache2.4.29/cgi-bin
[Thu May 23 20:09:40.423205 2024] [cgi:error] [pid 19104:tid 16480] [client 103.228.37.56:35820] AH02811: script not found or unable to stat: C:/http/Apache2.4.29/cgi-bin
[Fri May 24 04:53:31.724080 2024] [cgi:error] [pid 19104:tid 16480] [client 185.180.143.80:33104] AH02811: script not found or unable to stat: C:/http/Apache2.4.29/cgi-bin
[Fri May 24 05:29:57.813240 2024] [cgi:error] [pid 19104:tid 16480] [client 167.99.129.170:12996] AH02811: script not found or unable to stat: C:/http/Apache2.4.29/cgi-bin
[Fri May 24 22:52:17.612093 2024] [cgi:error] [pid 19104:tid 16468] [client 103.228.37.56:38192] AH02811: script not found or unable to stat: C:/http/Apache2.4.29/cgi-bin
[Fri May 24 22:52:17.862292 2024] [cgi:error] [pid 19104:tid 16468] [client 103.228.37.56:38192] AH02811: script not found or unable to stat: C:/http/Apache2.4.29/cgi-bin
[Sat May 25 01:45:19.562197 2024] [cgi:error] [pid 19104:tid 16468] [client 103.228.37.56:46854] AH02811: script not found or unable to stat: C:/http/Apache2.4.29/cgi-bin
[Sat May 25 01:45:19.804627 2024] [cgi:error] [pid 19104:tid 16468] [client 103.228.37.56:46854] AH02811: script not found or unable to stat: C:/http/Apache2.4.29/cgi-bin
[Sat May 25 08:00:31.821277 2024] [:error] [pid 19104:tid 16484] [client 92.96.40.220:56614] script 'E:/Netmake/app_dev.php' not found or unable to stat
[Sat May 25 08:00:48.748561 2024] [:error] [pid 19104:tid 16484] [client 92.96.40.220:52922] script 'E:/Netmake/app_dev.php' not found or unable to stat
[Sat May 25 08:00:51.153250 2024] [:error] [pid 19104:tid 16484] [client 92.96.40.220:55284] script 'E:/Netmake/phpinfo.php' not found or unable to stat
[Sat May 25 08:00:56.164193 2024] [:error] [pid 19104:tid 16484] [client 92.96.40.220:58951] script 'E:/Netmake/info.php' not found or unable to stat
[Sat May 25 19:48:38.769528 2024] [cgi:error] [pid 19104:tid 16480] [client 103.228.37.56:33226] AH02811: script not found or unable to stat: C:/http/Apache2.4.29/cgi-bin
[Sat May 25 19:48:39.020596 2024] [cgi:error] [pid 19104:tid 16480] [client 103.228.37.56:33226] AH02811: script not found or unable to stat: C:/http/Apache2.4.29/cgi-bin
[Sun May 26 04:11:43.943782 2024] [cgi:error] [pid 19104:tid 16484] [client 103.228.37.56:60332] AH02811: script not found or unable to stat: C:/http/Apache2.4.29/cgi-bin
[Sun May 26 04:11:44.181481 2024] [cgi:error] [pid 19104:tid 16484] [client 103.228.37.56:60332] AH02811: script not found or unable to stat: C:/http/Apache2.4.29/cgi-bin
[Sun May 26 12:47:12.716096 2024] [:error] [pid 19104:tid 16464] [client 139.144.52.241:39638] script 'E:/Netmake/indice.php' not found or unable to stat
[Sun May 26 12:47:13.240196 2024] [access_compat:error] [pid 19104:tid 16508] [client 139.144.52.241:39778] AH01797: client denied by server configuration: E:/Netmake/server-status
[Tue May 28 13:23:49.363138 2024] [cgi:error] [pid 19104:tid 16468] [client 18.171.156.38:42764] AH02811: script not found or unable to stat: C:/http/Apache2.4.29/cgi-bin
[Wed May 29 14:36:27.287937 2024] [:error] [pid 19104:tid 16452] [client 45.55.74.101:50216] script 'E:/Netmake/upl.php' not found or unable to stat
[Wed May 29 14:36:27.421389 2024] [:error] [pid 19104:tid 16452] [client 45.55.74.101:50242] script 'E:/Netmake/1.php' not found or unable to stat
[Wed May 29 14:36:27.751394 2024] [:error] [pid 19104:tid 16452] [client 45.55.74.101:50268] script 'E:/Netmake/password.php' not found or unable to stat
[Wed May 29 14:36:27.776394 2024] [:error] [pid 19104:tid 16452] [client 45.55.74.101:50276] script 'E:/Netmake/info.php' not found or unable to stat
[Thu May 30 15:14:32.487359 2024] [:error] [pid 19104:tid 16508] [client 139.59.127.9:61997] script 'E:/Netmake/info.php' not found or unable to stat
[Thu May 30 15:14:33.384163 2024] [:error] [pid 19104:tid 16508] [client 139.59.127.9:62305] script 'E:/Netmake/phpinfo.php' not found or unable to stat
[Thu May 30 15:14:41.561995 2024] [:error] [pid 19104:tid 16508] [client 139.59.127.9:65028] script 'E:/Netmake/.env.php' not found or unable to stat
[Thu May 30 15:14:42.908511 2024] [:error] [pid 19104:tid 16508] [client 139.59.127.9:65482] script 'E:/Netmake/.env.sample.php' not found or unable to stat
[Thu May 30 15:15:18.934170 2024] [cgi:error] [pid 19104:tid 16508] [client 139.59.127.9:62245] AH02811: script not found or unable to stat: C:/http/Apache2.4.29/cgi-bin
[Fri May 31 03:40:45.493670 2024] [cgi:error] [pid 19104:tid 16468] [client 18.175.45.15:34438] AH02811: script not found or unable to stat: C:/http/Apache2.4.29/cgi-bin
[Fri May 31 05:29:53.229234 2024] [access_compat:error] [pid 19104:tid 16444] [client 139.144.52.241:57476] AH01797: client denied by server configuration: E:/Netmake/server-status
[Fri May 31 05:29:54.404057 2024] [:error] [pid 19104:tid 16480] [client 139.144.52.241:57730] script 'E:/Netmake/admin.php' not found or unable to stat
[Fri May 31 05:29:57.499638 2024] [:error] [pid 19104:tid 16444] [client 139.144.52.241:49272] script 'E:/Netmake/start.php' not found or unable to stat
[Fri May 31 05:29:58.311234 2024] [:error] [pid 19104:tid 16508] [client 139.144.52.241:49316] script 'E:/Netmake/default.php' not found or unable to stat
[Fri May 31 05:29:59.124619 2024] [:error] [pid 19104:tid 16508] [client 139.144.52.241:49378] script 'E:/Netmake/base.php' not found or unable to stat
[Fri May 31 05:30:01.740479 2024] [:error] [pid 19104:tid 16508] [client 139.144.52.241:49490] script 'E:/Netmake/inicio.php' not found or unable to stat
[Fri May 31 05:30:02.395491 2024] [:error] [pid 19104:tid 16444] [client 139.144.52.241:49524] script 'E:/Netmake/main.php' not found or unable to stat
[Fri May 31 05:30:03.049123 2024] [:error] [pid 19104:tid 16504] [client 139.144.52.241:49566] script 'E:/Netmake/localstart.php' not found or unable to stat
[Fri May 31 05:30:03.351507 2024] [:error] [pid 19104:tid 16504] [client 139.144.52.241:49570] script 'E:/Netmake/indice.php' not found or unable to stat
[Fri May 31 05:30:04.089746 2024] [core:error] [pid 19104:tid 16504] [client 139.144.52.241:49624] AH00126: Invalid URI in request GET default.asp HTTP/1.1
[Fri May 31 05:30:04.239749 2024] [:error] [pid 19104:tid 16504] [client 139.144.52.241:49628] script 'E:/Netmake/menu.php' not found or unable to stat
[Fri May 31 09:31:45.046032 2024] [cgi:error] [pid 19104:tid 16500] [client 185.180.143.79:39474] AH02811: script not found or unable to stat: C:/http/Apache2.4.29/cgi-bin
[Fri May 31 18:23:57.416148 2024] [:error] [pid 19104:tid 16500] [client 178.128.211.88:41742] script 'E:/Netmake/upl.php' not found or unable to stat
[Fri May 31 18:23:59.191222 2024] [:error] [pid 19104:tid 16500] [client 178.128.211.88:41786] script 'E:/Netmake/1.php' not found or unable to stat
[Fri May 31 18:24:01.688186 2024] [:error] [pid 19104:tid 16500] [client 178.128.211.88:41824] script 'E:/Netmake/password.php' not found or unable to stat
[Fri May 31 18:24:02.139894 2024] [:error] [pid 19104:tid 16500] [client 178.128.211.88:41830] script 'E:/Netmake/info.php' not found or unable to stat
[Sat Jun 01 03:23:16.535424 2024] [:error] [pid 19104:tid 16500] [client 139.59.127.9:56527] script 'E:/Netmake/info.php' not found or unable to stat
[Sat Jun 01 03:23:17.469792 2024] [:error] [pid 19104:tid 16500] [client 139.59.127.9:60502] script 'E:/Netmake/phpinfo.php' not found or unable to stat
[Sat Jun 01 03:23:25.748366 2024] [:error] [pid 19104:tid 16480] [client 139.59.127.9:62753] script 'E:/Netmake/.env.php' not found or unable to stat
[Sat Jun 01 03:23:27.121332 2024] [:error] [pid 19104:tid 16480] [client 139.59.127.9:65324] script 'E:/Netmake/.env.sample.php' not found or unable to stat
[Sat Jun 01 03:24:04.110561 2024] [cgi:error] [pid 19104:tid 16480] [client 139.59.127.9:53015] AH02811: script not found or unable to stat: C:/http/Apache2.4.29/cgi-bin
[Sat Jun 01 17:30:35.033446 2024] [:error] [pid 19104:tid 16480] [client 46.101.74.121:36340] script 'E:/Netmake/upl.php' not found or unable to stat
[Sat Jun 01 17:30:35.700469 2024] [:error] [pid 19104:tid 16480] [client 46.101.74.121:36356] script 'E:/Netmake/1.php' not found or unable to stat
[Sat Jun 01 17:30:36.632058 2024] [:error] [pid 19104:tid 16480] [client 46.101.74.121:50644] script 'E:/Netmake/password.php' not found or unable to stat
[Sat Jun 01 17:30:36.792060 2024] [:error] [pid 19104:tid 16480] [client 46.101.74.121:50650] script 'E:/Netmake/info.php' not found or unable to stat
